000
CDUS42 KCAE 030525
CLICUB


CLIMATE REPORT
NATIONAL WEATHER SERVICE COLUMBIA SC
125 AM EDT SUN MAY 3 2015


...................................

...THE HAMILTON - OWENS AIRPORT SC CLIMATE SUMMARY FOR MAY 2 2015...

CLIMATE NORMAL PERIOD 1981 TO 2010
CLIMATE RECORD PERIOD 9999 TO 9999


WEATHER ITEM   OBSERVED TIME   NORMAL DEPARTURE LAST
                VALUE   (LST)  VALUE  FROM      YEAR
                                      NORMAL
......................................................
TEMPERATURE (F)
 YESTERDAY
  MAXIMUM         79    549 PM  81     -2       70
  MINIMUM         48    543 AM  56     -8       56
  AVERAGE         64            68     -4       63

PRECIPITATION (IN)
  YESTERDAY        0.00          0.07  -0.07     0.00
  MONTH TO DATE    T             0.14  -0.14     0.02
  SINCE MAR 1      5.65          6.71  -1.06     6.65
  SINCE JAN 1     13.57         13.99  -0.42    13.03

DEGREE DAYS
 HEATING
  YESTERDAY        1             1      0        2
  MONTH TO DATE    6             2      4        2
  SINCE MAR 1    255           374   -119      470
  SINCE JUL 1   2381          2303     78     2462

 COOLING
  YESTERDAY        0             5     -5        0
  MONTH TO DATE    0             9     -9        4
  SINCE MAR 1    134           105     29      102
  SINCE JAN 1    134           108     26      108
......................................................


WIND (MPH)
  HIGHEST WIND SPEED    12   HIGHEST WIND DIRECTION     W (270)
  HIGHEST GUST SPEED    18   HIGHEST GUST DIRECTION     W (280)
  AVERAGE WIND SPEED     2.6


SKY COVER
  AVERAGE SKY COVER 0.0


WEATHER CONDITIONS
 THE FOLLOWING WEATHER WAS RECORDED YESTERDAY.
  NO SIGNIFICANT WEATHER WAS OBSERVED.


RELATIVE HUMIDITY (PERCENT)
 HIGHEST    93           300 AM
 LOWEST     25           300 PM

..........................................................


THE HAMILTON - OWENS AIRPORT SC CLIMATE NORMALS FOR TODAY
                         NORMAL    RECORD    YEAR
 MAXIMUM TEMPERATURE (F)   81        MM        MM
 MINIMUM TEMPERATURE (F)   57        MM        MM


SUNRISE AND SUNSET
MAY  3 2015...........SUNRISE   633 AM EDT   SUNSET   809 PM EDT
MAY  4 2015...........SUNRISE   632 AM EDT   SUNSET   810 PM EDT


-  INDICATES NEGATIVE NUMBERS.
R  INDICATES RECORD WAS SET OR TIED.
MM INDICATES DATA IS MISSING.
T  INDICATES TRACE AMOUNT.




$$
