000
CDUS43 KUNR 190832
CLID07


CLIMATE REPORT
NATIONAL WEATHER SERVICE RAPID CITY SD
232 AM MDT SUN APR 19 2015


...................................

...THE FAITH SD CLIMATE SUMMARY FOR APRIL 18 2015...

CLIMATE NORMAL PERIOD 1981 TO 2010
CLIMATE RECORD PERIOD 9999 TO 9999


WEATHER ITEM   OBSERVED TIME   NORMAL DEPARTURE LAST
                VALUE   (LST)  VALUE  FROM      YEAR
                                      NORMAL
......................................................
TEMPERATURE (F)
 YESTERDAY
  MAXIMUM         57   1035 AM  58     -1       75
  MINIMUM         45   1159 PM  34     11       33
  AVERAGE         51            46      5       54

PRECIPITATION (IN)
  YESTERDAY        0.28          0.05   0.23     0.00
  MONTH TO DATE    0.42          0.75  -0.33     0.17
  SINCE MAR 1      0.57          1.73  -1.16     1.36
  SINCE JAN 1      1.00          2.35  -1.35     2.26

DEGREE DAYS
 HEATING
  YESTERDAY       14            19     -5       11
  MONTH TO DATE  336           410    -74      458
  SINCE MAR 1   1060          1413   -353     1576
  SINCE JUL 1   6559          7101   -542     7662

 COOLING
  YESTERDAY        0             0      0        0
  MONTH TO DATE    0             0      0        0
  SINCE MAR 1      2             0      2        0
  SINCE JAN 1      2             0      2        0
......................................................


WIND (MPH)
  HIGHEST WIND SPEED    22   HIGHEST WIND DIRECTION     N (350)
  HIGHEST GUST SPEED    28   HIGHEST GUST DIRECTION     N (360)
  AVERAGE WIND SPEED     9.1




RELATIVE HUMIDITY (PERCENT)
 HIGHEST    93           900 PM
 LOWEST     38          1100 AM
 AVERAGE    66

..........................................................




SUNRISE AND SUNSET
APRIL 19 2015.........SUNRISE   557 AM MDT   SUNSET   738 PM MDT
APRIL 20 2015.........SUNRISE   555 AM MDT   SUNSET   740 PM MDT


-  INDICATES NEGATIVE NUMBERS.
R  INDICATES RECORD WAS SET OR TIED.
MM INDICATES DATA IS MISSING.
T  INDICATES TRACE AMOUNT.




$$
