000
CDUS42 KMLB 032046
CLIDAB


CLIMATE REPORT
NATIONAL WEATHER SERVICE MELBOURNE FL
444 PM EDT SUN MAY 3 2015


...................................

...THE DAYTONA BEACH CLIMATE SUMMARY FOR MAY 3 2015...
VALID TODAY AS OF 400 PM LOCAL TIME.

CLIMATE NORMAL PERIOD 1981 TO 2010
CLIMATE RECORD PERIOD 1923 TO 2015


WEATHER ITEM   OBSERVED TIME   RECORD YEAR NORMAL DEPARTURE LAST
                VALUE   (LST)  VALUE       VALUE  FROM      YEAR
                                                  NORMAL
..................................................................
TEMPERATURE (F)
 TODAY
  MAXIMUM         79    241 PM  96    2002  82     -3       70
  MINIMUM         56    611 AM  44    1940  62     -6       60
  AVERAGE         68                        72     -4       65

PRECIPITATION (IN)
  TODAY            0.00          2.26 2013   0.05  -0.05     0.71
  MONTH TO DATE    0.00                      0.16  -0.16     1.54
  SINCE MAR 1      6.29                      6.58  -0.29    10.60
  SINCE JAN 1     11.72                     12.10  -0.38    17.18

SNOWFALL (IN)
  TODAY            0.0
  MONTH TO DATE    0.0
  SINCE JUL 1      0.0

DEGREE DAYS
 HEATING
  TODAY            0                         0      0        0
  MONTH TO DATE    0                         0      0        0
  SINCE MAR 1     35                       125    -90       89
  SINCE JUL 1    682                       807   -125      602

 COOLING
  TODAY            3                         7     -4        0
  MONTH TO DATE   11                        21    -10       21
  SINCE MAR 1    516                       243    273      272
  SINCE JAN 1    556                       308    248      356
..................................................................


WIND (MPH)
  HIGHEST WIND SPEED    16   HIGHEST WIND DIRECTION     E (70)
  HIGHEST GUST SPEED    22   HIGHEST GUST DIRECTION    NE (60)
  AVERAGE WIND SPEED     5.4


SKY COVER
  AVERAGE SKY COVER 0.1


WEATHER CONDITIONS
 THE FOLLOWING WEATHER WAS RECORDED TODAY.
  NO SIGNIFICANT WEATHER WAS OBSERVED.


RELATIVE HUMIDITY (PERCENT)
 HIGHEST    93           300 AM
 LOWEST     42          1200 PM
 AVERAGE    68

..........................................................


THE DAYTONA BEACH CLIMATE NORMALS FOR TOMORROW
                         NORMAL    RECORD    YEAR
 MAXIMUM TEMPERATURE (F)   83        95      1936
 MINIMUM TEMPERATURE (F)   62        49      1940


SUNRISE AND SUNSET
MAY  3 2015...........SUNRISE   641 AM EDT   SUNSET   801 PM EDT
MAY  4 2015...........SUNRISE   640 AM EDT   SUNSET   802 PM EDT


-  INDICATES NEGATIVE NUMBERS.
R  INDICATES RECORD WAS SET OR TIED.
MM INDICATES DATA IS MISSING.
T  INDICATES TRACE AMOUNT.

&&

DAYTONA BEACH SURF TEMPERATURE 71

$$
