000
CDUS41 KRNK 032116
CLIDAN


CLIMATE REPORT
NATIONAL WEATHER SERVICE BLACKSBURG VA
516 PM EDT SUN MAY 3 2015


...................................

...THE DANVILLE VA CLIMATE SUMMARY FOR MAY 3 2015...
VALID TODAY AS OF 0500 PM LOCAL TIME.

CLIMATE NORMAL PERIOD 1981 TO 2010
CLIMATE RECORD PERIOD 1948 TO 2015


WEATHER ITEM   OBSERVED TIME   RECORD YEAR NORMAL DEPARTURE LAST
                VALUE   (LST)  VALUE       VALUE  FROM      YEAR
                                                  NORMAL
..................................................................
TEMPERATURE (F)
 TODAY
  MAXIMUM         79    351 PM  93    1965  75      4       75
  MINIMUM         45    446 AM  34    1961  51     -6       50
  AVERAGE         62                        63     -1

PRECIPITATION (IN)
  TODAY            0.00          0.86 2009   0.11  -0.11     0.00
  MONTH TO DATE    0.39                      0.30   0.09     0.01
  SINCE MAR 1      5.36                      7.87  -2.51     8.97
  SINCE JAN 1      9.15                     14.30  -5.15    14.09

SNOWFALL (IN)
  TODAY            0.0
  MONTH TO DATE    0.0
  SINCE MAR 1      T
  SINCE JUL 1      9.8
  SNOW DEPTH       0

DEGREE DAYS
 HEATING
  TODAY            3                         4     -1
  MONTH TO DATE   14                        12      2
  SINCE MAR 1    670                       754    -84
  SINCE JUL 1   3764                      3755      9

 COOLING
  TODAY            0                         2     -2
  MONTH TO DATE    0                         6     -6
  SINCE MAR 1     34                        40     -6
  SINCE JAN 1     34                        40     -6
..................................................................


WIND (MPH)
  HIGHEST WIND SPEED    15   HIGHEST WIND DIRECTION     W (250)
  HIGHEST GUST SPEED    19   HIGHEST GUST DIRECTION    SW (240)
  AVERAGE WIND SPEED     4.9


SKY COVER
  POSSIBLE SUNSHINE  MM
  AVERAGE SKY COVER 0.2


WEATHER CONDITIONS
 THE FOLLOWING WEATHER WAS RECORDED TODAY.
  NO SIGNIFICANT WEATHER WAS OBSERVED.


RELATIVE HUMIDITY (PERCENT)
 HIGHEST    93           400 AM
 LOWEST     27          1200 PM
 AVERAGE    60

..........................................................


THE DANVILLE VA CLIMATE NORMALS FOR TOMORROW
                         NORMAL    RECORD    YEAR
 MAXIMUM TEMPERATURE (F)   75        92      1949
 MINIMUM TEMPERATURE (F)   52        33      1986


SUNRISE AND SUNSET
MAY  3 2015...........SUNRISE   622 AM EDT   SUNSET   807 PM EDT
MAY  4 2015...........SUNRISE   621 AM EDT   SUNSET   808 PM EDT


-  INDICATES NEGATIVE NUMBERS.
R  INDICATES RECORD WAS SET OR TIED.
MM INDICATES DATA IS MISSING.
T  INDICATES TRACE AMOUNT.

REMARKS:
DUE TO EQUIPMENT FAILURE RESULTING IN MISSING TEMPERATURE DATA ON
FEBRUARY 15...THE SEASONAL TOTAL AND DEPARTURE FROM NORMAL FOR HDD
WILL BE CALCULATED WITHOUT DATA FROM THIS DATE. ALSO...DUE TO A
TIPPING BUCKET FAILURE RESULTING IN MISSING PRECIPITATION DATA ON
MARCH 14 AND 19-20...THE SEASONAL AND ANNUAL TOTALS AND DEPARTURES
FROM NORMAL FOR PRECIPITATION WILL BE CALCULATED WITHOUT DATA FROM
THESE DATES.

$$
RCS

$$
