000
CDUS43 KDVN 280913
CLIDBQ


CLIMATE REPORT
NATIONAL WEATHER SERVICE QUAD CITIES IA IL
411 AM CDT TUE APR 28 2015


...................................

...THE DUBUQUE IA CLIMATE SUMMARY FOR APRIL 27 2015...

CLIMATE NORMAL PERIOD 1981 TO 2010
CLIMATE RECORD PERIOD 1873 TO 2015


WEATHER ITEM   OBSERVED TIME   RECORD YEAR NORMAL DEPARTURE LAST
                VALUE   (LST)  VALUE       VALUE  FROM      YEAR
                                                  NORMAL
..................................................................
TEMPERATURE (F)
 YESTERDAY
  MAXIMUM         65    325 PM  82    1981  63      2       59
                                      1977
                                      1962
  MINIMUM         33    455 AM  28    1958  42     -9       41
  AVERAGE         49                        52     -3       50

PRECIPITATION (IN)
  YESTERDAY        0.00          2.38 1942   0.13  -0.13     1.14
  MONTH TO DATE    1.90                      3.25  -1.35     5.42
  SINCE MAR 1      2.70                      5.66  -2.96     6.56
  SINCE JAN 1      4.99                      8.27  -3.28     9.04

SNOWFALL (IN)
  YESTERDAY        0.0          MM      MM   0.0    0.0      0.0
  MONTH TO DATE    0.0                       1.9   -1.9      0.7
  SINCE MAR 1      4.1                       8.2   -4.1     11.6
  SINCE JUL 1     33.7                      41.8   -8.1     63.3
  SNOW DEPTH       0

DEGREE DAYS
 HEATING
  YESTERDAY       16                        13      3       15
  MONTH TO DATE  408                       474    -66      502
  SINCE MAR 1   1320                      1392    -72     1661
  SINCE JUL 1   7168                      6785    383     8037

 COOLING
  YESTERDAY        0                         0      0        0
  MONTH TO DATE    0                         0      0        0
  SINCE MAR 1      0                         0      0        0
  SINCE JAN 1      0                         0      0        0
..................................................................


WIND (MPH)
  HIGHEST WIND SPEED    17   HIGHEST WIND DIRECTION     N (360)
  HIGHEST GUST SPEED    22   HIGHEST GUST DIRECTION     N (350)
  AVERAGE WIND SPEED     6.5


SKY COVER
  POSSIBLE SUNSHINE  MM
  AVERAGE SKY COVER 0.0


WEATHER CONDITIONS
 THE FOLLOWING WEATHER WAS RECORDED YESTERDAY.
  NO SIGNIFICANT WEATHER WAS OBSERVED.


RELATIVE HUMIDITY (PERCENT)
 HIGHEST    82           500 AM
 LOWEST     31           300 PM
 AVERAGE    57

..........................................................


THE DUBUQUE IA CLIMATE NORMALS FOR TODAY
                         NORMAL    RECORD    YEAR
 MAXIMUM TEMPERATURE (F)   63        87      1915
 MINIMUM TEMPERATURE (F)   42        30      2008


SUNRISE AND SUNSET
APRIL 28 2015.........SUNRISE   602 AM CDT   SUNSET   759 PM CDT
APRIL 29 2015.........SUNRISE   601 AM CDT   SUNSET   800 PM CDT


-  INDICATES NEGATIVE NUMBERS.
R  INDICATES RECORD WAS SET OR TIED.
MM INDICATES DATA IS MISSING.
T  INDICATES TRACE AMOUNT.




$$
