000
CDUS43 KILX 191245
CLIDEC


CLIMATE REPORT
NATIONAL WEATHER SERVICE LINCOLN IL
745 AM CDT SUN APR 19 2015


...................................

...THE DECATUR IL AIRPORT CLIMATE SUMMARY FOR APRIL 18 2015...

CLIMATE NORMAL PERIOD 1981 TO 2010
CLIMATE RECORD PERIOD 9999 TO 9999


WEATHER ITEM   OBSERVED TIME   RECORD YEAR NORMAL DEPARTURE LAST
                VALUE   (LST)  VALUE       VALUE  FROM      YEAR
                                                  NORMAL
..................................................................
TEMPERATURE (F)
 YESTERDAY
  MAXIMUM         79    119 PM  MM      MM  65     14       69
  MINIMUM         51    551 AM  MM      MM  43      8       40
  AVERAGE         65                        54     11       55

PRECIPITATION (IN)
  YESTERDAY        0.00         MM      MM   0.12  -0.12     0.00
  MONTH TO DATE    1.67                      1.97  -0.30     2.84
  SINCE MAR 1      3.28                      4.61  -1.33     4.33
  SINCE JAN 1      4.53                      8.33  -3.80     5.45

DEGREE DAYS
 HEATING
  YESTERDAY        0                        12    -12       10
  MONTH TO DATE  129                       266   -137      249
  SINCE MAR 1    918                       993    -75     1135
  SINCE JUL 1   5564                      5250    314     5947

 COOLING
  YESTERDAY        0                         0      0        0
  MONTH TO DATE    3                         0      3        1
  SINCE MAR 1      3                         1      2        1
  SINCE JAN 1      3                         1      2        1
..................................................................


WIND (MPH)
  HIGHEST WIND SPEED    21   HIGHEST WIND DIRECTION    SE (120)
  HIGHEST GUST SPEED    25   HIGHEST GUST DIRECTION     E (110)
  AVERAGE WIND SPEED     6.4


SKY COVER
  POSSIBLE SUNSHINE  MM
  AVERAGE SKY COVER 0.0


WEATHER CONDITIONS
 THE FOLLOWING WEATHER WAS RECORDED YESTERDAY.
  FOG
  HAZE


RELATIVE HUMIDITY (PERCENT)
 HIGHEST    89           200 AM
 LOWEST     35           100 PM
 AVERAGE    62

..........................................................


THE DECATUR IL AIRPORT CLIMATE NORMALS FOR TODAY
                         NORMAL    RECORD    YEAR
 MAXIMUM TEMPERATURE (F)   65        MM        MM
 MINIMUM TEMPERATURE (F)   43        MM        MM


SUNRISE AND SUNSET
APRIL 19 2015.........SUNRISE   612 AM CDT   SUNSET   737 PM CDT
APRIL 20 2015.........SUNRISE   611 AM CDT   SUNSET   738 PM CDT


-  INDICATES NEGATIVE NUMBERS.
R  INDICATES RECORD WAS SET OR TIED.
MM INDICATES DATA IS MISSING.
T  INDICATES TRACE AMOUNT.




$$
