000
CDUS44 KFWD 242121
CLIDFW


CLIMATE REPORT
NATIONAL WEATHER SERVICE FORT WORTH TX
421 PM CDT FRI APR 24 2015


...................................

...THE DALLAS FORT WORTH CLIMATE SUMMARY FOR APRIL 24 2015...
VALID AS OF 0400 PM LOCAL TIME.

CLIMATE NORMAL PERIOD 1981 TO 2010
CLIMATE RECORD PERIOD 1898 TO 2015


WEATHER ITEM   OBSERVED TIME   RECORD YEAR NORMAL DEPARTURE LAST
                VALUE   (LST)  VALUE       VALUE  FROM      YEAR
                                                  NORMAL
..................................................................
TEMPERATURE (F)
 TODAY
  MAXIMUM         68    323 AM  91    1984  78    -10       84
                                      1950
                                      1901
  MINIMUM         65   1006 AM  37    2013  57      8       63
  AVERAGE         67

PRECIPITATION (IN)
  TODAY            0.37          2.16 1914   0.13   0.24     0.00
  MONTH TO DATE    4.00                      2.30   1.70     1.66
  SINCE MAR 1      6.53                      5.79   0.74     3.11
  SINCE JAN 1     13.11                     10.58   2.53     3.85

SNOWFALL (IN)
  TODAY            0.0           0.0    MM   0.0    0.0      0.0
  MONTH TO DATE    0.0                       0.0    0.0      0.0
  SINCE MAR 1      3.5                       0.2    3.3      0.1
  SINCE JUL 1      5.8                       1.2    4.6      2.9
  SNOW DEPTH       0

..................................................................


WIND (MPH)
  HIGHEST WIND SPEED    16   HIGHEST WIND DIRECTION    NE (40)
  HIGHEST GUST SPEED    21   HIGHEST GUST DIRECTION    NE (40)
  AVERAGE WIND SPEED     9.8




..........................................................


THE DALLAS FORT WORTH CLIMATE NORMALS FOR TOMORROW
                         NORMAL    RECORD    YEAR
 MAXIMUM TEMPERATURE (F)   78        91      1925
                                             1902
 MINIMUM TEMPERATURE (F)   58        33      1910


SUNRISE AND SUNSET
APRIL 24 2015.........SUNRISE   648 AM CDT   SUNSET   805 PM CDT
APRIL 25 2015.........SUNRISE   647 AM CDT   SUNSET   805 PM CDT


-  INDICATES NEGATIVE NUMBERS.
R  INDICATES RECORD WAS SET OR TIED.
MM INDICATES DATA IS MISSING.
T  INDICATES TRACE AMOUNT.




$$
