000
CDUS43 KBIS 180723
CLIDIK


CLIMATE REPORT
NATIONAL WEATHER SERVICE BISMARCK ND
222 AM CDT SAT APR 18 2015


...................................

...THE DICKINSON ND CLIMATE SUMMARY FOR APRIL 17 2015...

CLIMATE NORMAL PERIOD 1981 TO 2010
CLIMATE RECORD PERIOD 1903 TO 2015


WEATHER ITEM   OBSERVED TIME   RECORD YEAR NORMAL DEPARTURE LAST
                VALUE   (LST)  VALUE       VALUE  FROM      YEAR
                                                  NORMAL
..................................................................
TEMPERATURE (F)
 YESTERDAY
  MAXIMUM         70    332 PM  84    1994  56     14       45
  MINIMUM         27    406 AM   6    1905  30     -3       26
  AVERAGE         49                        43      6       36

PRECIPITATION (IN)
  YESTERDAY        0.00          0.42 1971   0.05  -0.05     0.00
  MONTH TO DATE    0.40                      0.72  -0.32     0.04
  SINCE MAR 1      0.87                      1.41  -0.54     0.54
  SINCE JAN 1      1.14                      2.04  -0.90     0.71

DEGREE DAYS
 HEATING
  YESTERDAY       16                        22     -6       29
  MONTH TO DATE  369                       429    -60      538
  SINCE MAR 1   1197                      1515   -318     1734
  SINCE JUL 1   7312                      7809   -497     8376

 COOLING
  YESTERDAY        0                         0      0        0
  MONTH TO DATE    0                         0      0        0
  SINCE MAR 1      0                         0      0        0
  SINCE JAN 1      0                         0      0        0
..................................................................


WIND (MPH)
  HIGHEST WIND SPEED    14   HIGHEST WIND DIRECTION     W (280)
  HIGHEST GUST SPEED    17   HIGHEST GUST DIRECTION     W (290)
  AVERAGE WIND SPEED     7.3


SKY COVER
  POSSIBLE SUNSHINE  MM
  AVERAGE SKY COVER 0.0


WEATHER CONDITIONS
 THE FOLLOWING WEATHER WAS RECORDED YESTERDAY.
  NO SIGNIFICANT WEATHER WAS OBSERVED.


RELATIVE HUMIDITY (PERCENT)
 HIGHEST    69           400 AM
 LOWEST     14           300 PM
 AVERAGE    42

..........................................................


THE DICKINSON ND CLIMATE NORMALS FOR TODAY
                         NORMAL    RECORD    YEAR
 MAXIMUM TEMPERATURE (F)   57        89      1987
 MINIMUM TEMPERATURE (F)   30        11      2013


SUNRISE AND SUNSET
APRIL 18 2015.........SUNRISE   559 AM MDT   SUNSET   743 PM MDT
APRIL 19 2015.........SUNRISE   557 AM MDT   SUNSET   745 PM MDT


-  INDICATES NEGATIVE NUMBERS.
R  INDICATES RECORD WAS SET OR TIED.
MM INDICATES DATA IS MISSING.
T  INDICATES TRACE AMOUNT.




$$
