000
CDUS43 KDLH 182220
CLIDLH


CLIMATE REPORT
NATIONAL WEATHER SERVICE DULUTH MN
519 PM CDT SAT APR 18 2015


...................................

...THE DULUTH MN CLIMATE SUMMARY FOR APRIL 18 2015...
VALID TODAY AS OF 0500 PM LOCAL TIME.

CLIMATE NORMAL PERIOD 1981 TO 2010
CLIMATE RECORD PERIOD 1870 TO 2015


WEATHER ITEM   OBSERVED TIME   RECORD YEAR NORMAL DEPARTURE LAST
                VALUE   (LST)  VALUE       VALUE  FROM      YEAR
                                                  NORMAL
..................................................................
TEMPERATURE (F)
 TODAY
  MAXIMUM         52   1203 AM  81    1915  51      1       38
  MINIMUM         39    701 AM  12    1983  31      8       20
  AVERAGE         46                        41      5       29

PRECIPITATION (IN)
  TODAY            0.00          0.96 2013   0.09  -0.09     0.00
  MONTH TO DATE    0.45                      1.33  -0.88     1.44
  SINCE MAR 1      1.24                      2.82  -1.58     3.35
  SINCE JAN 1      2.08                      4.59  -2.51     6.20

SNOWFALL (IN)
  TODAY            0.0          11.2  2013   0.2   -0.2      0.0
  MONTH TO DATE    0.1                       5.2   -5.1     20.6
  SINCE JUL 1     48.1                      84.0  -35.9    125.3
  SNOW DEPTH       0

DEGREE DAYS
 HEATING
  TODAY           19                        24     -5       36
  MONTH TO DATE  389                       508   -119      580
  SINCE MAR 1   1448                      1718   -270     2019
  SINCE JUL 1   8287                      8585   -298     9460

 COOLING
  TODAY            0                         0      0        0
  MONTH TO DATE    0                         0      0        0
  SINCE MAR 1      0                         0      0        0
  SINCE JAN 1      0                         0      0        0
..................................................................


WIND (MPH)
  HIGHEST WIND SPEED    26   HIGHEST WIND DIRECTION     E (90)
  HIGHEST GUST SPEED    33   HIGHEST GUST DIRECTION     E (90)
  AVERAGE WIND SPEED    15.6


SKY COVER
  POSSIBLE SUNSHINE  MM
  AVERAGE SKY COVER 0.0


WEATHER CONDITIONS
 THE FOLLOWING WEATHER WAS RECORDED TODAY.
  NO SIGNIFICANT WEATHER WAS OBSERVED.


RELATIVE HUMIDITY (PERCENT)
 HIGHEST    70           700 AM
 LOWEST     38          1200 AM
 AVERAGE    54

..........................................................


THE DULUTH MN CLIMATE NORMALS FOR TOMORROW
                         NORMAL    RECORD    YEAR
 MAXIMUM TEMPERATURE (F)   51        79      1923
 MINIMUM TEMPERATURE (F)   32        14      1897


SUNRISE AND SUNSET
APRIL 18 2015.........SUNRISE   616 AM CDT   SUNSET   801 PM CDT
APRIL 19 2015.........SUNRISE   614 AM CDT   SUNSET   802 PM CDT


-  INDICATES NEGATIVE NUMBERS.
R  INDICATES RECORD WAS SET OR TIED.
MM INDICATES DATA IS MISSING.
T  INDICATES TRACE AMOUNT.




$$
