000
CDUS45 KTWC 050730
CLIDUG

CLIMATE REPORT
NATIONAL WEATHER SERVICE TUCSON AZ
1229 AM MST TUE MAY 5 2015


...................................

...THE DOUGLAS AZ CLIMATE SUMMARY FOR MAY 4 2015...

CLIMATE NORMAL PERIOD 1981 TO 2010
CLIMATE RECORD PERIOD 1948 TO 2015


WEATHER ITEM   OBSERVED TIME   RECORD YEAR NORMAL DEPARTURE LAST
                VALUE   (LST)  VALUE       VALUE  FROM      YEAR
                                                  NORMAL
..................................................................
TEMPERATURE (F)
 YESTERDAY
  MAXIMUM         80    254 PM  96    2000  85     -5       90
  MINIMUM         56   1111 PM  38    2010  48      8       49
  AVERAGE         68                        66      2       70

PRECIPITATION (IN)
  YESTERDAY        0.00          1.73 1992   0.01  -0.01     0.00
  MONTH TO DATE    T                         0.03  -0.03     0.00
  SINCE OCT 1      4.80                      4.70   0.10     1.39
  SINCE JAN 1      2.83                      2.15   0.68     0.57

DEGREE DAYS
 HEATING
  YESTERDAY        0                         1     -1        0
  MONTH TO DATE    0                         7     -7        2
  SINCE MAR 1    381                       472    -91      374
  SINCE JUL 1   2219                      2508   -289     2338

 COOLING
  YESTERDAY        3                         3      0        5
  MONTH TO DATE   10                        12     -2        5
  SINCE MAR 1     14                        42    -28       23
  SINCE JAN 1     14                        42    -28       23
..................................................................


WIND (MPH)
  HIGHEST WIND SPEED    28   HIGHEST WIND DIRECTION    SW (240)
  HIGHEST GUST SPEED    36   HIGHEST GUST DIRECTION     W (250)
  AVERAGE WIND SPEED    11.6


SKY COVER
  POSSIBLE SUNSHINE  MM
  AVERAGE SKY COVER 0.3


WEATHER CONDITIONS
 THE FOLLOWING WEATHER WAS RECORDED YESTERDAY.
  NO SIGNIFICANT WEATHER WAS OBSERVED.


RELATIVE HUMIDITY (PERCENT)
 HIGHEST    67
 LOWEST     19
 AVERAGE    43

..........................................................


THE DOUGLAS AZ CLIMATE NORMALS FOR TODAY
                         NORMAL    RECORD    YEAR
 MAXIMUM TEMPERATURE (F)   85        93      2010
 MINIMUM TEMPERATURE (F)   49        31      1950


SUNRISE AND SUNSET
MAY  5 2015...........SUNRISE   530 AM MST   SUNSET   701 PM MST
MAY  6 2015...........SUNRISE   529 AM MST   SUNSET   701 PM MST


-  INDICATES NEGATIVE NUMBERS.
R  INDICATES RECORD WAS SET OR TIED.
MM INDICATES DATA IS MISSING.
T  INDICATES TRACE AMOUNT.




$$
