000
CDUS42 KAKQ 280534
CLIECG


CLIMATE REPORT
NATIONAL WEATHER SERVICE WAKEFIELD, VA
133 AM EDT TUE APR 28 2015


...................................

...THE ELIZABETH CITY NC CLIMATE SUMMARY FOR APRIL 27 2015...

CLIMATE NORMAL PERIOD 1981 TO 2010
CLIMATE RECORD PERIOD 1934 TO 2015


WEATHER ITEM   OBSERVED TIME   RECORD YEAR NORMAL DEPARTURE LAST
                VALUE   (LST)  VALUE       VALUE  FROM      YEAR
                                                  NORMAL
..................................................................
TEMPERATURE (F)
 YESTERDAY
  MAXIMUM         69    147 PM  93    1990  72     -3       64
  MINIMUM         39    252 AM  35    1972  51    -12       52
  AVERAGE         54                        62     -8       58

PRECIPITATION (IN)
  YESTERDAY        T             1.92 1973   0.09  -0.09     0.00
  MONTH TO DATE    3.61                      2.85   0.76     3.60
  SINCE MAR 1      6.58                      6.83  -0.25     6.01
  SINCE JAN 1     13.38                     13.27   0.11    10.15

SNOWFALL (IN)
  YESTERDAY        0.0           0.0  2002  MM     MM
  MONTH TO DATE    0.0                      MM     MM
  SINCE NOV 1      T                        MM     MM
  SINCE JUL 1      T                        MM     MM
  SNOW DEPTH       0

DEGREE DAYS
 HEATING
  YESTERDAY       11                         5      6        7
  MONTH TO DATE  169                       209    -40      178
  SINCE MAR 1    651                       674    -23      726
  SINCE JUL 1   3185                      3146     39     3301

 COOLING
  YESTERDAY        0                         2     -2        0
  MONTH TO DATE   28                        31     -3       22
  SINCE MAR 1     33                        36     -3       22
  SINCE JAN 1     35                        38     -3       22
..................................................................


WIND (MPH)
  HIGHEST WIND SPEED    20   HIGHEST WIND DIRECTION    NW (320)
  HIGHEST GUST SPEED    24   HIGHEST GUST DIRECTION    NW (310)
  AVERAGE WIND SPEED     6.4


SKY COVER
  POSSIBLE SUNSHINE  MM
  AVERAGE SKY COVER 0.4


WEATHER CONDITIONS
 THE FOLLOWING WEATHER WAS RECORDED YESTERDAY.
  LIGHT RAIN
  FOG


RELATIVE HUMIDITY (PERCENT)
 HIGHEST   100           300 AM
 LOWEST     35           200 PM
 AVERAGE    68

..........................................................


THE ELIZABETH CITY NC CLIMATE NORMALS FOR TODAY
                         NORMAL    RECORD    YEAR
 MAXIMUM TEMPERATURE (F)   72        91      1957
 MINIMUM TEMPERATURE (F)   51        34      1940


SUNRISE AND SUNSET
APRIL 28 2015.........SUNRISE   615 AM EDT   SUNSET   750 PM EDT
APRIL 29 2015.........SUNRISE   614 AM EDT   SUNSET   750 PM EDT


-  INDICATES NEGATIVE NUMBERS.
R  INDICATES RECORD WAS SET OR TIED.
MM INDICATES DATA IS MISSING.
T  INDICATES TRACE AMOUNT.




$$
