000
CDUS46 KEKA 281210
CLIEKA


CLIMATE REPORT
NATIONAL WEATHER SERVICE EUREKA CA
510 AM PDT TUE APR 28 2015


...................................

...THE EUREKA CA CLIMATE SUMMARY FOR APRIL 27 2015...

CLIMATE NORMAL PERIOD 1981 TO 2010
CLIMATE RECORD PERIOD 1886 TO 2015


WEATHER ITEM   OBSERVED RECORD YEAR NORMAL DEPARTURE LAST
                VALUE   VALUE       VALUE  FROM      YEAR
                                           NORMAL
...........................................................
TEMPERATURE (F)
 YESTERDAY
  MAXIMUM         59     68    1992  59      0       58
  MINIMUM         48     34    1955  45      3       46
  AVERAGE         54                 52      2       52

PRECIPITATION (IN)
  YESTERDAY        0.01   1.53 2010   0.09  -0.08      T
  MONTH TO DATE    2.57               3.07  -0.50     1.37
  SINCE OCT 1     30.56              36.47  -5.91    16.96
  SINCE JAN 1     12.18              20.50  -8.32    15.06

SNOWFALL (IN)
  YESTERDAY       MM      0.0  2001   0.0   MM       MM
  MONTH TO DATE    T                  0.0    0.0      0.0
  SINCE MAR 1      T                  0.0    0.0      0.0
  SINCE JUL 1      T                  0.2   -0.2       T
  SNOW DEPTH       0

DEGREE DAYS
 HEATING
  YESTERDAY       11                 13     -2       13
  MONTH TO DATE  391                385      6      353
  SINCE MAR 1    786                861    -75      763
  SINCE JUL 1   2941               3783   -842     3854

 COOLING
  YESTERDAY        0                  0      0        0
  MONTH TO DATE    0                  0      0        0
  SINCE MAR 1      0                  0      0        0
  SINCE JAN 1      0                  0      0        0
...........................................................


WIND (MPH)
  HIGHEST WIND SPEED     8   HIGHEST WIND DIRECTION    NW (310)
  HIGHEST GUST SPEED    10   HIGHEST GUST DIRECTION    MM
  AVERAGE WIND SPEED     2.9


SKY COVER
  AVERAGE SKY COVER 0.8


WEATHER CONDITIONS
 THE FOLLOWING WEATHER WAS RECORDED YESTERDAY.
  LIGHT RAIN
  FOG
  FOG W/VISIBILITY <= 1/4 MILE


..........................................................


THE EUREKA CA CLIMATE NORMALS FOR TODAY
                         NORMAL    RECORD    YEAR
 MAXIMUM TEMPERATURE (F)   59        73      1992
 MINIMUM TEMPERATURE (F)   45        36      2002


SUNRISE AND SUNSET
APRIL 28 2015.........SUNRISE   619 AM PDT   SUNSET   810 PM PDT
APRIL 29 2015.........SUNRISE   618 AM PDT   SUNSET   811 PM PDT


-  INDICATES NEGATIVE NUMBERS.
R  INDICATES RECORD WAS SET OR TIED.
MM INDICATES DATA IS MISSING.
T  INDICATES TRACE AMOUNT.




&&

..........................................................

TOTAL SEASON     NORMAL   % OF NORMAL     LAST SEASON

    30.56         36.47        84            16.96


$$
