000
CDUS44 KSHV 190812
CLIELD


CLIMATE REPORT
NATIONAL WEATHER SERVICE SHREVEPORT, LA
307 AM CDT SUN APR 19 2015


...................................

...THE EL DORADO CLIMATE SUMMARY FOR APRIL 18 2015...

CLIMATE NORMAL PERIOD 1981 TO 2010
CLIMATE RECORD PERIOD 1907 TO 2015


WEATHER ITEM   OBSERVED TIME   RECORD YEAR NORMAL DEPARTURE LAST
                VALUE   (LST)  VALUE       VALUE  FROM      YEAR
                                                  NORMAL
..................................................................
TEMPERATURE (F)
 YESTERDAY
  MAXIMUM         70    221 PM  95    1987  76     -6       72
  MINIMUM         63    235 AM  33    1921  52     11       52
  AVERAGE         67                        64      3       62

PRECIPITATION (IN)
  YESTERDAY        0.58          1.28 2013   0.14   0.44      T
  MONTH TO DATE    1.68                      2.41  -0.73     5.12
  SINCE DEC 1     17.61                     21.43  -3.82    20.25
  SINCE JAN 1     14.28                     16.25  -1.97    13.69

SNOWFALL (IN)
  YESTERDAY        0.0
  MONTH TO DATE    0.0
  SINCE MAR 1      0.7
  SINCE JUL 1      0.7
  SNOW DEPTH       0

DEGREE DAYS
 HEATING
  YESTERDAY        0                         3     -3        3
  MONTH TO DATE   43                        89    -46      142
  SINCE MAR 1    390                       397     -7      584
  SINCE JUL 1   2876                      2625    251     3191

 COOLING
  YESTERDAY        2                         2      0        0
  MONTH TO DATE   68                        34     34       21
  SINCE MAR 1     82                        56     26       26
  SINCE JAN 1     82                        62     20       26
..................................................................


WIND (MPH)
  HIGHEST WIND SPEED    12   HIGHEST WIND DIRECTION    NE (50)
  HIGHEST GUST SPEED    14   HIGHEST GUST DIRECTION    NE (50)
  AVERAGE WIND SPEED     5.2


SKY COVER
  POSSIBLE SUNSHINE  MM
  AVERAGE SKY COVER 0.8


WEATHER CONDITIONS
 THE FOLLOWING WEATHER WAS RECORDED YESTERDAY.
  HEAVY RAIN
  RAIN
  LIGHT RAIN
  FOG


RELATIVE HUMIDITY (PERCENT)
 HIGHEST   100           100 PM
 LOWEST     84           300 PM
 AVERAGE    92

..........................................................


THE EL DORADO CLIMATE NORMALS FOR TODAY
                         NORMAL    RECORD    YEAR
 MAXIMUM TEMPERATURE (F)   77        94      1987
 MINIMUM TEMPERATURE (F)   52        34      1983


SUNRISE AND SUNSET
APRIL 19 2015.........SUNRISE   637 AM CDT   SUNSET   745 PM CDT
APRIL 20 2015.........SUNRISE   636 AM CDT   SUNSET   745 PM CDT


-  INDICATES NEGATIVE NUMBERS.
R  INDICATES RECORD WAS SET OR TIED.
MM INDICATES DATA IS MISSING.
T  INDICATES TRACE AMOUNT.




$$
