000
CDUS44 KEPZ 250928
CLIELP


CLIMATE REPORT
NATIONAL WEATHER SERVICE EL PASO, TX
326 AM MDT SAT APR 25 2015


...................................

...THE EL PASO CLIMATE SUMMARY FOR APRIL 24 2015...

CLIMATE NORMAL PERIOD 1981 TO 2010
CLIMATE RECORD PERIOD 1879 TO 2015


WEATHER ITEM   OBSERVED TIME   RECORD YEAR NORMAL DEPARTURE LAST
                VALUE   (LST)  VALUE       VALUE  FROM      YEAR
                                                  NORMAL
..................................................................
TEMPERATURE (F)
 YESTERDAY
  MAXIMUM         74    317 PM  97    1974  81     -7       82
  MINIMUM         57    635 AM  33    1968  53      4       59
  AVERAGE         66                        67     -1       71

PRECIPITATION (IN)
  YESTERDAY        T             0.98 1966   0.01  -0.01     0.00
  MONTH TO DATE    0.24                      0.18   0.06     0.45
  SINCE MAR 1      0.85                      0.44   0.41     0.63
  SINCE JAN 1      1.73                      1.30   0.43     0.63

SNOWFALL (IN)
  YESTERDAY        0.0                                       0.0
  MONTH TO DATE    0.0                                       0.0
  SINCE MAR 1      0.0                                       0.0
  SINCE JUL 1      T                                          T
  SNOW DEPTH       0

DEGREE DAYS
 HEATING
  YESTERDAY        0                         2     -2        0
  MONTH TO DATE   31                        84    -53       49
  SINCE MAR 1    219                       354   -135      226
  SINCE JUL 1   2042                      2457   -415     2014

 COOLING
  YESTERDAY        1                         4     -3        6
  MONTH TO DATE   90                        54     36       83
  SINCE MAR 1    123                        64     59      101
  SINCE JAN 1    124                        64     60      108
..................................................................


WIND (MPH)
  HIGHEST WIND SPEED    32   HIGHEST WIND DIRECTION     W (250)
  HIGHEST GUST SPEED    40   HIGHEST GUST DIRECTION     W (250)
  AVERAGE WIND SPEED    15.2


SKY COVER
  POSSIBLE SUNSHINE  MM
  AVERAGE SKY COVER 0.5


WEATHER CONDITIONS
 THE FOLLOWING WEATHER WAS RECORDED YESTERDAY.
  LIGHT RAIN


RELATIVE HUMIDITY (PERCENT)
 HIGHEST    57           600 AM
 LOWEST     16           200 PM
 AVERAGE    37

..........................................................


THE EL PASO CLIMATE NORMALS FOR TODAY
                         NORMAL    RECORD    YEAR
 MAXIMUM TEMPERATURE (F)   81        95      2012
 MINIMUM TEMPERATURE (F)   54        36      1913


SUNRISE AND SUNSET
APRIL 25 2015.........SUNRISE   626 AM MDT   SUNSET   741 PM MDT
APRIL 26 2015.........SUNRISE   625 AM MDT   SUNSET   742 PM MDT


-  INDICATES NEGATIVE NUMBERS.
R  INDICATES RECORD WAS SET OR TIED.
MM INDICATES DATA IS MISSING.
T  INDICATES TRACE AMOUNT.




$$
