000
CDUS46 KPQR 012321
CLIEUG


CLIMATE REPORT
NATIONAL WEATHER SERVICE PORTLAND OREGON
421 PM PDT WED APR 1 2015


...................................

...THE EUGENE OR CLIMATE SUMMARY FOR APRIL 1 2015...
VALID TODAY AS OF 0400 PM LOCAL TIME.

CLIMATE NORMAL PERIOD 1981 TO 2010
CLIMATE RECORD PERIOD 1892 TO 2015


WEATHER ITEM   OBSERVED TIME   RECORD YEAR NORMAL DEPARTURE LAST
                VALUE   (LST)  VALUE       VALUE  FROM      YEAR
                                                  NORMAL
..................................................................
TEMPERATURE (F)
 TODAY
  MAXIMUM         55    118 PM  86    1912  59     -4       53
  MINIMUM         42    541 AM  25    1936  38      4       38
  AVERAGE         49                        48      1       46

PRECIPITATION (IN)
  TODAY            0.06          1.07 1931   0.14  -0.08     0.00
  MONTH TO DATE    0.06                      0.14  -0.08     0.00
  SINCE OCT 1     26.83                     36.23  -9.40    21.27
  SINCE JAN 1      9.78                     17.43  -7.65    17.08

SNOWFALL (IN)
  TODAY           MM
  MONTH TO DATE   MM
  SINCE MAR 1      0.0
  SINCE JUL 1      0.0

DEGREE DAYS
 HEATING
  TODAY           16                        17     -1       19
  MONTH TO DATE   16                        17     -1       19
  SINCE MAR 1    449                       586   -137      504
  SINCE JUL 1   3011                      3913   -902     4071

 COOLING
  TODAY            0                         0      0        0
  MONTH TO DATE    0                         0      0        0
  SINCE MAR 1      0                         0      0        0
  SINCE JAN 1      0                         0      0        0
..................................................................


WIND (MPH)
  HIGHEST WIND SPEED    16   HIGHEST WIND DIRECTION    NW (310)
  HIGHEST GUST SPEED    21   HIGHEST GUST DIRECTION    NW (300)
  AVERAGE WIND SPEED     5.3


SKY COVER
  POSSIBLE SUNSHINE  MM
  AVERAGE SKY COVER 0.8


WEATHER CONDITIONS
 THE FOLLOWING WEATHER WAS RECORDED TODAY.
  THUNDERSTORM
  LIGHT RAIN


RELATIVE HUMIDITY (PERCENT)
 HIGHEST    89           200 AM
 LOWEST     54          1200 PM
 AVERAGE    72

..........................................................


THE EUGENE OR CLIMATE NORMALS FOR TOMORROW
                         NORMAL    RECORD    YEAR
 MAXIMUM TEMPERATURE (F)   59        79      1912
 MINIMUM TEMPERATURE (F)   38        27      2008
                                             1953


SUNRISE AND SUNSET
APRIL  1 2015.........SUNRISE   654 AM PDT   SUNSET   740 PM PDT
APRIL  2 2015.........SUNRISE   653 AM PDT   SUNSET   741 PM PDT


-  INDICATES NEGATIVE NUMBERS.
R  INDICATES RECORD WAS SET OR TIED.
MM INDICATES DATA IS MISSING.
T  INDICATES TRACE AMOUNT.




$$
