000
CDUS46 KHNX 040820
CLIFAT


CLIMATE REPORT
NATIONAL WEATHER SERVICE SAN JOAQUIN VALLEY, CA
120 AM PDT MON MAY 4 2015


...................................

...THE FRESNO CA CLIMATE SUMMARY FOR MAY 3 2015...

CLIMATE NORMAL PERIOD 1981 TO 2010
CLIMATE RECORD PERIOD 1887 TO 2015


WEATHER ITEM   OBSERVED TIME   RECORD YEAR NORMAL DEPARTURE
                VALUE   (LST)  VALUE       VALUE  FROM
                                                  NORMAL
...............................................................
TEMPERATURE (F)
 YESTERDAY
  MAXIMUM         88    415 PM  99    2004  80      8
                                      1947
  MINIMUM         54    538 AM  38    1964  53      1
  AVERAGE         71                        67      4

PRECIPITATION (IN)
  YESTERDAY        0.00          0.80 1892   0.02  -0.02
  MONTH TO DATE    0.00                      0.07  -0.07
  SINCE OCT 1      5.84                     10.74  -4.90
  SINCE JAN 1      2.65                      7.27  -4.62

SNOWFALL (IN)
  YESTERDAY        0.0
  MONTH TO DATE    0.0
  SINCE MAR 1      0.0
  SINCE JUL 1      0.0
  SNOW DEPTH       0

DEGREE DAYS
 HEATING
  YESTERDAY        0                               -2
  MONTH TO DATE    0                               -6
  SINCE MAR 1    168                             -239
  SINCE JUL 1   1494                             -825

 COOLING
  YESTERDAY        6                                2
  MONTH TO DATE   29                               19
  SINCE MAR 1    157                               96
  SINCE JAN 1    157                               96
...............................................................


WIND (MPH)
  HIGHEST WIND SPEED    16   HIGHEST WIND DIRECTION    NW (310)
  HIGHEST GUST SPEED    20   HIGHEST GUST DIRECTION     S (160)
  AVERAGE WIND SPEED     6.9




RELATIVE HUMIDITY (PERCENT)
 HIGHEST    51
 LOWEST      9
 AVERAGE    30

..........................................................


THE FRESNO CA CLIMATE NORMALS FOR TODAY
                         NORMAL    RECORD    YEAR
 MAXIMUM TEMPERATURE (F)   81       100      2004
 MINIMUM TEMPERATURE (F)   54        39      1950


SUNRISE AND SUNSET
MAY  4 2015...........SUNRISE   602 AM PDT   SUNSET   750 PM PDT
MAY  5 2015...........SUNRISE   601 AM PDT   SUNSET   751 PM PDT


-  INDICATES NEGATIVE NUMBERS.
R  INDICATES RECORD WAS SET OR TIED.
MM INDICATES DATA IS MISSING.
T  INDICATES TRACE AMOUNT.




$$
