000
CDUS43 KFGF 030639
CLIFGF


CLIMATE REPORT
NATIONAL WEATHER SERVICE EASTERN NORTH DAKOTA/GRAND FORKS
139 AM CDT SUN MAY 3 2015


...................................

...THE GRAND FORKS UNIV. (NWS) ND CLIMATE SUMMARY FOR MAY 2 2015...

CLIMATE NORMAL PERIOD 1981 TO 2010
CLIMATE RECORD PERIOD 1890 TO 2015


WEATHER ITEM   OBSERVED TIME   RECORD YEAR NORMAL DEPARTURE LAST
                VALUE   (LST)  VALUE       VALUE  FROM      YEAR
                                                  NORMAL
..................................................................
TEMPERATURE (F)
 YESTERDAY
  MAXIMUM         85        MM  91    1959  64     21       60
  MINIMUM         49        MM  14    1907  38     11       41
  AVERAGE         67                        51     16       51

PRECIPITATION (IN)
  YESTERDAY        0.04          1.87 1927   0.06  -0.02     0.02
  MONTH TO DATE    0.04                      0.12  -0.08     0.02
  SINCE MAR 1      1.06                      2.12  -1.06     3.77
  SINCE JAN 1      1.59                      3.42  -1.83     4.50

SNOWFALL (IN)
  YESTERDAY        0.0           3.3  1950   0.0    0.0      0.0
  MONTH TO DATE    0.0                       0.0    0.0      0.0
  SINCE MAR 1      3.0                       8.0   -5.0     14.6
  SINCE JUL 1     19.3                      43.3  -24.0     60.3
  SNOW DEPTH       0

DEGREE DAYS
 HEATING
  YESTERDAY        0                        14    -14       14
  MONTH TO DATE    5                        29    -24       32
  SINCE MAR 1   1609                      1884   -275     2283
  SINCE JUL 1   8458                      8844   -386    10029

 COOLING
  YESTERDAY        2                         0      2        0
  MONTH TO DATE    2                         0      2        0
  SINCE MAR 1      2                         3     -1        0
  SINCE JAN 1      2                         3     -1        0
..................................................................


WIND (MPH)
  RESULTANT WIND SPEED  MM   RESULTANT WIND DIRECTION  MM
  HIGHEST WIND SPEED    MM   HIGHEST WIND DIRECTION    MM
  HIGHEST GUST SPEED    MM   HIGHEST GUST DIRECTION    MM
  AVERAGE WIND SPEED    MM


SKY COVER
  POSSIBLE SUNSHINE  MM
  AVERAGE SKY COVER  MM


WEATHER CONDITIONS
 THE FOLLOWING WEATHER WAS RECORDED YESTERDAY.
  NO SIGNIFICANT WEATHER WAS OBSERVED.


RELATIVE HUMIDITY (PERCENT)
 HIGHEST    MM
 LOWEST     MM
 AVERAGE    MM

..........................................................


THE GRAND FORKS UNIV. (NWS) ND CLIMATE NORMALS FOR TODAY
                         NORMAL    RECORD    YEAR
 MAXIMUM TEMPERATURE (F)   64        91      1952
 MINIMUM TEMPERATURE (F)   39         5      1967


SUNRISE AND SUNSET
MAY  3 2015...........SUNRISE   608 AM CDT   SUNSET   844 PM CDT
MAY  4 2015...........SUNRISE   606 AM CDT   SUNSET   845 PM CDT


-  INDICATES NEGATIVE NUMBERS.
R  INDICATES RECORD WAS SET OR TIED.
MM INDICATES DATA IS MISSING.
T  INDICATES TRACE AMOUNT.




$$
