000
CDUS45 KFGZ 270845
CLIFLG
CLIMATE REPORT
NATIONAL WEATHER SERVICE FLAGSTAFF, AZ
143 AM MST MON APR 27 2015


...................................

...THE FLAGSTAFF AZ AIRPORT CLIMATE SUMMARY FOR APRIL 26 2015...

CLIMATE NORMAL PERIOD 1981 TO 2010
CLIMATE RECORD PERIOD 1898 TO 2015


WEATHER ITEM   OBSERVED TIME   RECORD YEAR NORMAL DEPARTURE LAST
                VALUE   (LST)  VALUE       VALUE  FROM      YEAR
                                                  NORMAL
..................................................................
TEMPERATURE (F)
 YESTERDAY
  MAXIMUM         50    232 PM  79    1996  62    -12       49
  MINIMUM         32    440 AM  17    1984  31      1       28
                                      1972
  AVERAGE         41                        46     -5

PRECIPITATION (IN)
  YESTERDAY        0.03          1.22 1963   0.02   0.01     0.90
  MONTH TO DATE    1.09                      1.03   0.06     1.25
  SINCE SEP 1     16.96                     15.03   1.93    10.20
  SINCE JAN 1      9.13                      7.36   1.77     3.09

SNOWFALL (IN)
  YESTERDAY        0.5           8.5  1985   0.2             5.5
  MONTH TO DATE    0.8                       6.4             9.1
  SINCE JUL 1     57.0                     100.3            44.0
  SNOW DEPTH       0

DEGREE DAYS
 HEATING
  YESTERDAY       24                        19      5       26
  MONTH TO DATE  578                       577      1      547
  SINCE JUL 1   5336                      6284   -948     5909

 COOLING
  YESTERDAY        0                         0      0        0
  MONTH TO DATE    0                         0      0        0
  SINCE JAN 1      0                         0      0        0
..................................................................


WIND (MPH)
  HIGHEST WIND SPEED    18   HIGHEST WIND DIRECTION    NE (40)
  HIGHEST GUST SPEED    26   HIGHEST GUST DIRECTION     N (10)
  AVERAGE WIND SPEED     7.4


SKY COVER
  POSSIBLE SUNSHINE  MM
  AVERAGE SKY COVER 0.7


WEATHER CONDITIONS
 THE FOLLOWING WEATHER WAS RECORDED YESTERDAY.
  LIGHT SNOW
  FOG


RELATIVE HUMIDITY (PERCENT)
 HIGHEST   100          1200 AM
 LOWEST     58           200 PM
 AVERAGE    79

..........................................................


THE FLAGSTAFF AZ AIRPORT CLIMATE NORMALS FOR TODAY
                         NORMAL    RECORD    YEAR
 MAXIMUM TEMPERATURE (F)   62        77      2000
                                             1996
                                             1992
 MINIMUM TEMPERATURE (F)   31        10      1984


SUNRISE AND SUNSET
APRIL 27 2015.........SUNRISE   540 AM MST   SUNSET   709 PM MST
APRIL 28 2015.........SUNRISE   539 AM MST   SUNSET   710 PM MST


-  INDICATES NEGATIVE NUMBERS.
R  INDICATES RECORD WAS SET OR TIED.
MM INDICATES DATA IS MISSING.
T  INDICATES TRACE AMOUNT.




$$


&&

-------------------------------------------------------------------
SNOW DEPTH DATA FOR FLAGSTAFF AIRPORT IS REPORTED AT 5 AM MST


-------------------------------------------------------------------
SUPPLEMENTARY CLIMATE DATA FOR NWS BELLEMONT, ARIZONA

SNOW DEPTH (IN) AT 11 AM........................................ 3
WATER EQUIVALENT OF SNOW PACK (IN) AT 11 AM*...................0.4
* ONLY MEASURED IF SNOW DEPTH IS 2.0 INCHES OR GREATER
-------------------------------------------------------------------
