000
CDUS42 KILM 050850
CLIFLO


CLIMATE REPORT
NATIONAL WEATHER SERVICE WILMINGTON NC
450 AM EDT TUE MAY 5 2015


...................................

...THE FLORENCE SC CLIMATE SUMMARY FOR MAY 4 2015...

CLIMATE NORMAL PERIOD 1981 TO 2010
CLIMATE RECORD PERIOD 1948 TO 2015


WEATHER ITEM   OBSERVED TIME   RECORD YEAR NORMAL DEPARTURE LAST
                VALUE   (LST)  VALUE       VALUE  FROM      YEAR
                                                  NORMAL
..................................................................
TEMPERATURE (F)
 YESTERDAY
  MAXIMUM         83    350 PM  91    1981  80      3       87
  MINIMUM         55    558 AM  38    1971  56     -1       52
  AVERAGE         69                        68      1       70

PRECIPITATION (IN)
  YESTERDAY        0.00          1.51 1957   0.09  -0.09     0.00
  MONTH TO DATE    T                         0.35  -0.35     0.02
  SINCE MAR 1      6.80                      6.30   0.50     9.04
  SINCE JAN 1     13.73                     12.45   1.28    14.76

DEGREE DAYS
 HEATING
  YESTERDAY        0                         2     -2        0
  MONTH TO DATE    1                         8     -7        2
  SINCE MAR 1    306                       442   -136      533
  SINCE JUL 1   2544                      2508     36     2662

 COOLING
  YESTERDAY        4                         4      0        5
  MONTH TO DATE    5                        16    -11       12
  SINCE MAR 1    119                       106     13      105
  SINCE JAN 1    122                       112     10      111
..................................................................


WIND (MPH)
  HIGHEST WIND SPEED    18   HIGHEST WIND DIRECTION     S (170)
  HIGHEST GUST SPEED    23   HIGHEST GUST DIRECTION     S (160)
  AVERAGE WIND SPEED     5.0


SKY COVER
  POSSIBLE SUNSHINE  MM
  AVERAGE SKY COVER 0.1


WEATHER CONDITIONS
 THE FOLLOWING WEATHER WAS RECORDED YESTERDAY.
  FOG


RELATIVE HUMIDITY (PERCENT)
 HIGHEST    93           300 AM
 LOWEST     33           300 PM
 AVERAGE    63

..........................................................


THE FLORENCE SC CLIMATE NORMALS FOR TODAY
                         NORMAL    RECORD    YEAR
 MAXIMUM TEMPERATURE (F)   80        93      1981
 MINIMUM TEMPERATURE (F)   56        41      1997


SUNRISE AND SUNSET
MAY  5 2015...........SUNRISE   626 AM EDT   SUNSET   806 PM EDT
MAY  6 2015...........SUNRISE   625 AM EDT   SUNSET   807 PM EDT


-  INDICATES NEGATIVE NUMBERS.
R  INDICATES RECORD WAS SET OR TIED.
MM INDICATES DATA IS MISSING.
T  INDICATES TRACE AMOUNT.




$$
