000
CDUS41 KCAR 050527
CLIFVE


CLIMATE REPORT
NATIONAL WEATHER SERVICE CARIBOU, ME
126 AM EDT TUE MAY 5 2015


...................................

...THE FRENCHVILLE ME CLIMATE SUMMARY FOR MAY 4 2015...

CLIMATE NORMAL PERIOD 1981 TO 2010
CLIMATE RECORD PERIOD 9999 TO 9999


WEATHER ITEM   OBSERVED TIME   RECORD YEAR NORMAL DEPARTURE LAST
                VALUE   (LST)  VALUE       VALUE  FROM      YEAR
                                                  NORMAL
..................................................................
TEMPERATURE (F)
 YESTERDAY
  MAXIMUM         81    143 PM              56     25
  MINIMUM         45    552 AM              37      8
  AVERAGE         63                        46     17

PRECIPITATION (IN)
  YESTERDAY        0.01         MM      MM   0.10  -0.09     0.66
  MONTH TO DATE    0.01                      0.37  -0.36     0.89
  SINCE MAR 1      2.24                      4.66  -2.42     4.57
  SINCE JAN 1      3.05                      7.23  -4.18     7.49

SNOWFALL (IN)
  YESTERDAY       MM            MM      MM  MM     MM       MM
  MONTH TO DATE   MM                        MM     MM       MM
  SINCE MAR 1     MM                        MM     MM       MM
  SINCE JUL 1     MM                        MM     MM       MM
  SNOW DEPTH      MM

DEGREE DAYS
 HEATING
  YESTERDAY        2                              -17
  MONTH TO DATE   48                              -30
  SINCE JUL 1   9512                              302

 COOLING
  YESTERDAY        0                                0
  MONTH TO DATE    0                                0
  SINCE JAN 1      0                                0
..................................................................


WIND (MPH)
  HIGHEST WIND SPEED    31   HIGHEST WIND DIRECTION     W (280)
  HIGHEST GUST SPEED    42   HIGHEST GUST DIRECTION    SW (240)
  AVERAGE WIND SPEED    13.1




..........................................................


THE FRENCHVILLE ME CLIMATE NORMALS FOR TODAY
                         NORMAL
 MAXIMUM TEMPERATURE (F)   56
 MINIMUM TEMPERATURE (F)   37


SUNRISE AND SUNSET
MAY  5 2015...........SUNRISE   511 AM EDT   SUNSET   750 PM EDT
MAY  6 2015...........SUNRISE   510 AM EDT   SUNSET   751 PM EDT


-  INDICATES NEGATIVE NUMBERS.
R  INDICATES RECORD WAS SET OR TIED.
MM INDICATES DATA IS MISSING.
T  INDICATES TRACE AMOUNT.




$$
