000
CDUS44 KTSA 172120
CLIFYV

CLIMATE REPORT
NATIONAL WEATHER SERVICE TULSA OK
418 PM CDT FRI APR 17 2015


...................................

...THE FAYETTEVILLE ARKANSAS CLIMATE SUMMARY FOR APRIL 17 2015...
VALID TODAY AS OF 0400 PM LOCAL TIME.

CLIMATE NORMAL PERIOD 1981 TO 2010
CLIMATE RECORD PERIOD 1905 TO 2015


WEATHER ITEM   OBSERVED TIME   RECORD YEAR NORMAL DEPARTURE LAST
                VALUE   (LST)  VALUE       VALUE  FROM      YEAR
                                                  NORMAL
..................................................................
TEMPERATURE (F)
 TODAY
  MAXIMUM         78    232 PM  93    2006  70      8       67
  MINIMUM         54    240 AM  26    1951  45      9       33
  AVERAGE         66                        57      9       50

PRECIPITATION (IN)
  TODAY            0.22                      0.15   0.07     0.00
  MONTH TO DATE    1.80                      2.42  -0.62     2.05
  SINCE MAR 1      6.43                      6.37   0.06     7.63
  SINCE JAN 1      9.49                     12.02  -2.53    10.11

SNOWFALL (IN)
  TODAY            0.0                                       0.0
  MONTH TO DATE    0.0                                       0.0
  SINCE MAR 1      2.6                                       3.8
  SINCE JUL 1      7.9                                      17.9

DEGREE DAYS
 HEATING
  TODAY            0                         9     -9       15
  MONTH TO DATE   95                       181    -86      204
  SINCE MAR 1    621                       707    -86      864
  SINCE JUL 1   4107                      4010     97     4584

 COOLING
  TODAY            1                         1      0        0
  MONTH TO DATE   20                        14      6        9
  SINCE MAR 1     20                        18      2        9
  SINCE JAN 1     20                        18      2        9
..................................................................


WIND (MPH)
  HIGHEST WIND SPEED     8   HIGHEST WIND DIRECTION     S (200)
  HIGHEST GUST SPEED    29   HIGHEST GUST DIRECTION    NW (330)
  AVERAGE WIND SPEED     1.3


SKY COVER
  POSSIBLE SUNSHINE  MM
  AVERAGE SKY COVER 0.4


WEATHER CONDITIONS
 THE FOLLOWING WEATHER WAS RECORDED TODAY.
  THUNDERSTORM
  HEAVY RAIN
  RAIN
  LIGHT RAIN
  FOG


RELATIVE HUMIDITY (PERCENT)
 HIGHEST   100          1200 AM
 LOWEST     56           300 PM
 AVERAGE    78

..........................................................


THE FAYETTEVILLE ARKANSAS CLIMATE NORMALS FOR TOMORROW
                         NORMAL    RECORD    YEAR
 MAXIMUM TEMPERATURE (F)   70        91      2006
 MINIMUM TEMPERATURE (F)   45        28      2001


SUNRISE AND SUNSET
APRIL 17 2015.........SUNRISE   641 AM CDT   SUNSET   752 PM CDT
APRIL 18 2015.........SUNRISE   640 AM CDT   SUNSET   753 PM CDT


-  INDICATES NEGATIVE NUMBERS.
R  INDICATES RECORD WAS SET OR TIED.
MM INDICATES DATA IS MISSING.
T  INDICATES TRACE AMOUNT.




$$
