000
CDUS41 KPHI 052131
CLIGED


CLIMATE REPORT
NATIONAL WEATHER SERVICE MOUNT HOLLY NJ
530 PM EDT TUE MAY 5 2015


...................................

...THE GEORGETOWN DE CLIMATE SUMMARY FOR MAY 5 2015...
VALID TODAY AS OF 0500 PM LOCAL TIME.

CLIMATE NORMAL PERIOD 1981 TO 2010
CLIMATE RECORD PERIOD 1948 TO 2015


WEATHER ITEM   OBSERVED TIME   RECORD YEAR NORMAL DEPARTURE LAST
                VALUE   (LST)  VALUE       VALUE  FROM      YEAR
                                                  NORMAL
..................................................................
TEMPERATURE (F)
 TODAY
  MAXIMUM         85    332 PM  90    1955  70     15       67
  MINIMUM         63    118 AM  32    1966  49     14       47
  AVERAGE         74                        60     14       57

PRECIPITATION (IN)
  TODAY            0.00          1.79 1978   0.09  -0.09      T
  MONTH TO DATE    0.24                      0.44  -0.20     0.24
  SINCE MAR 1      6.96                      8.12  -1.16     7.11
  SINCE JAN 1     13.79                     13.83  -0.04    14.29

SNOWFALL (IN)
  TODAY           MM            MM      MM  MM     MM       MM
  MONTH TO DATE   MM                        MM     MM       MM
  SINCE MAR 1     MM                        MM     MM       MM
  SINCE JUL 1     MM                        MM     MM       MM
  SNOW DEPTH      MM

DEGREE DAYS
 HEATING
  TODAY            0                         7     -7        8
  MONTH TO DATE   27                        36     -9       18
  SINCE MAR 1   1092                      1016     76     1096
  SINCE JUL 1   4580                      4296    284     4451

 COOLING
  TODAY            9                         1      8        0
  MONTH TO DATE   11                         5      6        6
  SINCE MAR 1     16                        25     -9       18
  SINCE JAN 1     16                        25     -9       18
..................................................................


WIND (MPH)
  HIGHEST WIND SPEED    20   HIGHEST WIND DIRECTION     S (170)
  HIGHEST GUST SPEED    26   HIGHEST GUST DIRECTION    SW (230)
  AVERAGE WIND SPEED    12.9


SKY COVER
  POSSIBLE SUNSHINE  MM
  AVERAGE SKY COVER 0.1


WEATHER CONDITIONS
 THE FOLLOWING WEATHER WAS RECORDED TODAY.
  NO SIGNIFICANT WEATHER WAS OBSERVED.


RELATIVE HUMIDITY (PERCENT)
 HIGHEST    73           600 AM
 LOWEST     37           400 PM
 AVERAGE    55

..........................................................


THE GEORGETOWN DE CLIMATE NORMALS FOR TOMORROW
                         NORMAL    RECORD    YEAR
 MAXIMUM TEMPERATURE (F)   71        91      1950
 MINIMUM TEMPERATURE (F)   49        35      1954


SUNRISE AND SUNSET
MAY  5 2015...........SUNRISE   600 AM EDT   SUNSET   757 PM EDT
MAY  6 2015...........SUNRISE   559 AM EDT   SUNSET   758 PM EDT


-  INDICATES NEGATIVE NUMBERS.
R  INDICATES RECORD WAS SET OR TIED.
MM INDICATES DATA IS MISSING.
T  INDICATES TRACE AMOUNT.




$$
