000
CDUS46 KOTX 280832
CLIGEG


CLIMATE REPORT
NATIONAL WEATHER SERVICE SPOKANE, WA
131 AM PDT TUE APR 28 2015


...................................

...THE SPOKANE WA AIRPORT CLIMATE SUMMARY FOR APRIL 27 2015...

CLIMATE NORMAL PERIOD 1981 TO 2010
CLIMATE RECORD PERIOD 1881 TO 2015


WEATHER ITEM   OBSERVED TIME   RECORD YEAR NORMAL DEPARTURE LAST
                VALUE   (LST)  VALUE       VALUE  FROM      YEAR
                                                  NORMAL
..................................................................
TEMPERATURE (F)
 YESTERDAY
  MAXIMUM         68    326 PM  86    1987  61      7       54
  MINIMUM         37    508 AM  25    1970  39     -2       36
  AVERAGE         53                        50      3       45

PRECIPITATION (IN)
  YESTERDAY        0.00          0.89 1962   0.04  -0.04     0.11
  MONTH TO DATE    0.52                      1.17  -0.65     1.13
  SINCE OCT 1     10.63                     11.68  -1.05     9.16
  SINCE JAN 1      5.90                      5.90   0.00     6.83

SNOWFALL (IN)
  YESTERDAY        0.0           T    2014   0.0    0.0       T
                                      1986
  MONTH TO DATE    1.0                       1.0    0.0       T
  SINCE MAR 1      1.9                       4.5   -2.6      5.8
  SINCE JUL 1     17.6                      44.8  -27.2     37.6
  SNOW DEPTH       0

DEGREE DAYS
 HEATING
  YESTERDAY       12                        16     -4       20
  MONTH TO DATE  488                       496     -8      490
  SINCE MAR 1   1085                      1263   -178     1270
  SINCE JUL 1   5207                      6092   -885     6313

 COOLING
  YESTERDAY        0                         0      0        0
  MONTH TO DATE    0                         0      0        0
  SINCE MAR 1      0                         0      0        0
  SINCE JAN 1      0                         0      0        0
..................................................................


WIND (MPH)
  HIGHEST WIND SPEED    10   HIGHEST WIND DIRECTION     E (70)
  HIGHEST GUST SPEED    15   HIGHEST GUST DIRECTION     E (80)
  AVERAGE WIND SPEED     4.3


SKY COVER
  POSSIBLE SUNSHINE  MM
  AVERAGE SKY COVER 0.6


WEATHER CONDITIONS
 THE FOLLOWING WEATHER WAS RECORDED YESTERDAY.
  NO SIGNIFICANT WEATHER WAS OBSERVED.


RELATIVE HUMIDITY (PERCENT)
 HIGHEST    64           500 AM
 LOWEST     24           300 PM
 AVERAGE    44

..........................................................


THE SPOKANE WA AIRPORT CLIMATE NORMALS FOR TODAY
                         NORMAL    RECORD    YEAR
 MAXIMUM TEMPERATURE (F)   61        88      1926
 MINIMUM TEMPERATURE (F)   39        24      1907


SUNRISE AND SUNSET
APRIL 28 2015.........SUNRISE   538 AM PDT   SUNSET   758 PM PDT
APRIL 29 2015.........SUNRISE   537 AM PDT   SUNSET   759 PM PDT


-  INDICATES NEGATIVE NUMBERS.
R  INDICATES RECORD WAS SET OR TIED.
MM INDICATES DATA IS MISSING.
T  INDICATES TRACE AMOUNT.




$$
