000
CDUS43 KFGF 060713
CLIGFK


CLIMATE REPORT
NATIONAL WEATHER SERVICE EASTERN NORTH DAKOTA/GRAND FORKS
213 AM CDT WED MAY 6 2015


...................................

...THE GRAND FORKS INTL AP ND CLIMATE SUMMARY FOR MAY 5 2015...

CLIMATE NORMAL PERIOD 1981 TO 2010
CLIMATE RECORD PERIOD 1941 TO 2015


WEATHER ITEM   OBSERVED TIME   RECORD YEAR NORMAL DEPARTURE LAST
                VALUE   (LST)  VALUE       VALUE  FROM      YEAR
                                                  NORMAL
..................................................................
TEMPERATURE (F)
 YESTERDAY
  MAXIMUM         79    407 PM  96    1926  65     14       55
  MINIMUM         36    348 AM  20    2008  37     -1       37
                                      1929
  AVERAGE         58                        51      7       46

PRECIPITATION (IN)
  YESTERDAY        0.00          1.18 2007   0.07  -0.07     0.01
  MONTH TO DATE    0.02                      0.33  -0.31     0.21
  SINCE MAR 1      1.06                      2.30  -1.24     3.76
  SINCE JAN 1      1.88                      3.37  -1.49     4.83

SNOWFALL (IN)
  YESTERDAY        0.0          MM      MM   0.0    0.0      0.0
  MONTH TO DATE    0.0                       0.0    0.0      0.0
  SINCE MAR 1      2.7                      10.1   -7.4     14.6
  SINCE JUL 1     17.0                      47.3  -30.3     60.3
  SNOW DEPTH       0

DEGREE DAYS
 HEATING
  YESTERDAY        7                        14     -7       19
  MONTH TO DATE   39                        75    -36      106
  SINCE MAR 1   1697                      2003   -306     2385
  SINCE JUL 1   8614                      9153   -539    10280

 COOLING
  YESTERDAY        0                         0      0        0
  MONTH TO DATE    0                         0      0        0
  SINCE MAR 1      0                         1     -1        0
  SINCE JAN 1      0                         1     -1        0
..................................................................


WIND (MPH)
  HIGHEST WIND SPEED    23   HIGHEST WIND DIRECTION    SE (150)
  HIGHEST GUST SPEED    30   HIGHEST GUST DIRECTION     S (190)
  AVERAGE WIND SPEED    12.7


SKY COVER
  POSSIBLE SUNSHINE  MM
  AVERAGE SKY COVER 0.3


WEATHER CONDITIONS
 THE FOLLOWING WEATHER WAS RECORDED YESTERDAY.
  NO SIGNIFICANT WEATHER WAS OBSERVED.


RELATIVE HUMIDITY (PERCENT)
 HIGHEST    67          1100 PM
 LOWEST     11           200 PM
 AVERAGE    39

..........................................................


THE GRAND FORKS INTL AP ND CLIMATE NORMALS FOR TODAY
                         NORMAL    RECORD    YEAR
 MAXIMUM TEMPERATURE (F)   65        86      1992
                                             1953
                                             1896
 MINIMUM TEMPERATURE (F)   38        19      1976


SUNRISE AND SUNSET
MAY  6 2015...........SUNRISE   603 AM CDT   SUNSET   848 PM CDT
MAY  7 2015...........SUNRISE   602 AM CDT   SUNSET   850 PM CDT


-  INDICATES NEGATIVE NUMBERS.
R  INDICATES RECORD WAS SET OR TIED.
MM INDICATES DATA IS MISSING.
T  INDICATES TRACE AMOUNT.




$$
