000
CDUS41 KALY 210715
CLIGFL


CLIMATE REPORT
NATIONAL WEATHER SERVICE ALBANY NY
314 AM EDT TUE APR 21 2015


...................................

...THE GLENS FALLS NY CLIMATE SUMMARY FOR APRIL 20 2015...

CLIMATE NORMAL PERIOD 1981 TO 2010
CLIMATE RECORD PERIOD 1949 TO 2015


WEATHER ITEM   OBSERVED TIME   RECORD YEAR NORMAL DEPARTURE LAST
                VALUE   (LST)  VALUE       VALUE  FROM      YEAR
                                                  NORMAL
..................................................................
TEMPERATURE (F)
 YESTERDAY
  MAXIMUM         50   1020 PM  83    1954  59     -9       64
  MINIMUM         41    211 AM  22    1974  34      7       25
  AVERAGE         46                        47     -1       45

PRECIPITATION (IN)
  YESTERDAY        0.21          0.72 1950   0.09   0.12     0.00
  MONTH TO DATE    1.12                      1.95  -0.83     1.93
  SINCE MAR 1      1.80                      4.89  -3.09     4.65
  SINCE JAN 1      3.85                      9.83  -5.98     9.18

DEGREE DAYS
 HEATING
  YESTERDAY       19                        18      1       20
  MONTH TO DATE  421                       448    -27      435
  SINCE MAR 1   1603                      1491    112     1745
  SINCE JUL 1   7284                      7111    173     7514

 COOLING
  YESTERDAY        0                         0      0        0
  MONTH TO DATE    0                         0      0        0
  SINCE MAR 1      0                         0      0        0
  SINCE JAN 1      0                         0      0        0
..................................................................


WIND (MPH)
  HIGHEST WIND SPEED    12   HIGHEST WIND DIRECTION    NE (50)
  HIGHEST GUST SPEED    14   HIGHEST GUST DIRECTION    NE (50)
  AVERAGE WIND SPEED     4.2


SKY COVER
  AVERAGE SKY COVER 0.8



RELATIVE HUMIDITY (PERCENT)
 HIGHEST    92          1200 PM
 LOWEST     53           400 AM
 AVERAGE    73

..........................................................


THE GLENS FALLS NY CLIMATE NORMALS FOR TODAY
                         NORMAL    RECORD    YEAR
 MAXIMUM TEMPERATURE (F)   60        82      1954
 MINIMUM TEMPERATURE (F)   35        23      1956


SUNRISE AND SUNSET
APRIL 21 2015.........SUNRISE   603 AM EDT   SUNSET   744 PM EDT
APRIL 22 2015.........SUNRISE   601 AM EDT   SUNSET   745 PM EDT


-  INDICATES NEGATIVE NUMBERS.
R  INDICATES RECORD WAS SET OR TIED.
MM INDICATES DATA IS MISSING.
T  INDICATES TRACE AMOUNT.




$$
