000
CDUS44 KSHV 272155
CLIGGG


CLIMATE REPORT
NATIONAL WEATHER SERVICE SHREVEPORT, LA
431 PM CDT MON APR 27 2015


...................................

...THE LONGVIEW CLIMATE SUMMARY FOR APRIL 27 2015...
VALID TODAY AS OF 0400 PM LOCAL TIME.

CLIMATE NORMAL PERIOD 1981 TO 2010
CLIMATE RECORD PERIOD 1902 TO 2015


WEATHER ITEM   OBSERVED TIME   RECORD YEAR NORMAL DEPARTURE LAST
                VALUE   (LST)  VALUE       VALUE  FROM      YEAR
                                                  NORMAL
..................................................................
TEMPERATURE (F)
 TODAY
  MAXIMUM         74    259 PM  88    1994  79     -5       86
  MINIMUM         58    823 AM  39    1920  57      1       72
  AVERAGE         66                        68     -2       79

PRECIPITATION (IN)
  TODAY            0.21          4.47 1957   0.11   0.10     0.00
  MONTH TO DATE    5.81                      2.87   2.94     2.29
  SINCE DEC 1     25.16                     19.07   6.09    13.17
  SINCE JAN 1     22.86                     14.58   8.28     9.02

SNOWFALL (IN)
  TODAY            0.0
  MONTH TO DATE    0.0
  SINCE MAR 1      0.2
  SINCE JUL 1      3.1
  SNOW DEPTH       0

DEGREE DAYS
 HEATING
  TODAY            0                         1     -1        0
  MONTH TO DATE   30                        86    -56      107
  SINCE MAR 1    299                       341    -42      455
  SINCE JUL 1   2272                      2245     27     2579

 COOLING
  TODAY            1                         4     -3       14
  MONTH TO DATE  136                        73     63       90
  SINCE MAR 1    161                       100     61      100
  SINCE JAN 1    161                       112     49      105
..................................................................


WIND (MPH)
  HIGHEST WIND SPEED    23   HIGHEST WIND DIRECTION     E (90)
  HIGHEST GUST SPEED    33   HIGHEST GUST DIRECTION    NE (40)
  AVERAGE WIND SPEED    14.2


SKY COVER
  POSSIBLE SUNSHINE  MM
  AVERAGE SKY COVER 0.7


WEATHER CONDITIONS
 THE FOLLOWING WEATHER WAS RECORDED TODAY.
  THUNDERSTORM
  RAIN
  LIGHT RAIN
  FOG


RELATIVE HUMIDITY (PERCENT)
 HIGHEST    87           300 AM
 LOWEST     57           300 PM
 AVERAGE    72

..........................................................


THE LONGVIEW CLIMATE NORMALS FOR TOMORROW
                         NORMAL    RECORD    YEAR
 MAXIMUM TEMPERATURE (F)   79        91      1938
 MINIMUM TEMPERATURE (F)   57        42      2008
                                             1921


SUNRISE AND SUNSET
APRIL 27 2015.........SUNRISE   637 AM CDT   SUNSET   757 PM CDT
APRIL 28 2015.........SUNRISE   636 AM CDT   SUNSET   758 PM CDT


-  INDICATES NEGATIVE NUMBERS.
R  INDICATES RECORD WAS SET OR TIED.
MM INDICATES DATA IS MISSING.
T  INDICATES TRACE AMOUNT.




$$
