000
CDUS45 KGGW 270741
CLIGGW


CLIMATE REPORT
NATIONAL WEATHER SERVICE GLASGOW MT
140 AM MDT MON APR 27 2015


...................................

...THE GLASGOW MT CLIMATE SUMMARY FOR APRIL 26 2015...

CLIMATE NORMAL PERIOD 1981 TO 2010
CLIMATE RECORD PERIOD 1893 TO 2015


WEATHER ITEM   OBSERVED TIME   RECORD YEAR NORMAL DEPARTURE LAST
                VALUE   (LST)  VALUE       VALUE  FROM      YEAR
                                                  NORMAL
..................................................................
TEMPERATURE (F)
 YESTERDAY
  MAXIMUM         44    239 PM  93    1952  62    -18       64
  MINIMUM         37    655 AM  17    1931  35      2       43
  AVERAGE         41                        49     -8       54

PRECIPITATION (IN)
  YESTERDAY        T             0.70 1901   0.03  -0.03     0.17
  MONTH TO DATE    1.08                      0.69   0.39     0.49
  SINCE OCT 1      4.15                      3.29   0.86     3.00
  SINCE JAN 1      2.89                      1.74   1.15     1.55

SNOWFALL (IN)
  YESTERDAY        0.0           1.4  1966   0.0    0.0      0.0
  MONTH TO DATE    5.3                       1.7    3.6      0.0
  SINCE MAR 1      8.1                       6.4    1.7      6.6
  SINCE JUL 1     43.2                      33.4    9.8     30.4
  SNOW DEPTH       0

DEGREE DAYS
 HEATING
  YESTERDAY       24                        16      8       11
  MONTH TO DATE  533                       540     -7      575
  SINCE MAR 1   1304                      1574   -270     1729
  SINCE JUL 1   7388                      7944   -556     8377

 COOLING
  YESTERDAY        0                         0      0        0
  MONTH TO DATE    0                         0      0        0
  SINCE MAR 1      0                         0      0        0
  SINCE JAN 1      0                         0      0        0
..................................................................


WIND (MPH)
  HIGHEST WIND SPEED    17   HIGHEST WIND DIRECTION    NW (320)
  HIGHEST GUST SPEED    21   HIGHEST GUST DIRECTION    NW (330)
  AVERAGE WIND SPEED     8.8


SKY COVER
  POSSIBLE SUNSHINE  MM
  AVERAGE SKY COVER 1.0


WEATHER CONDITIONS
 THE FOLLOWING WEATHER WAS RECORDED YESTERDAY.
  LIGHT RAIN


RELATIVE HUMIDITY (PERCENT)
 HIGHEST    85          1200 AM
 LOWEST     62           200 PM
 AVERAGE    74

..........................................................


THE GLASGOW MT CLIMATE NORMALS FOR TODAY
                         NORMAL    RECORD    YEAR
 MAXIMUM TEMPERATURE (F)   62        87      2001
                                             1949
 MINIMUM TEMPERATURE (F)   36        12      1907


SUNRISE AND SUNSET
APRIL 27 2015.........SUNRISE   555 AM MDT   SUNSET   814 PM MDT
APRIL 28 2015.........SUNRISE   553 AM MDT   SUNSET   816 PM MDT


-  INDICATES NEGATIVE NUMBERS.
R  INDICATES RECORD WAS SET OR TIED.
MM INDICATES DATA IS MISSING.
T  INDICATES TRACE AMOUNT.




$$
