000
CDUS45 KGJT 180801
CLIGJT


CLIMATE REPORT
NATIONAL WEATHER SERVICE GRAND JUNCTION CO
130 AM MDT SAT APR 18 2015


...................................

...THE GRAND JUNCTION CO CLIMATE SUMMARY FOR APRIL 17 2015...

CLIMATE NORMAL PERIOD 1981 TO 2010
CLIMATE RECORD PERIOD 1893 TO 2015


WEATHER ITEM   OBSERVED TIME   RECORD YEAR NORMAL DEPARTURE LAST
                VALUE   (LST)  VALUE       VALUE  FROM      YEAR
                                                  NORMAL
..................................................................
TEMPERATURE (F)
 YESTERDAY
  MAXIMUM         38    454 AM  83    1987  66    -28       66
  MINIMUM         31    102 PM  23    1922  38     -7       34
  AVERAGE         35                        52    -17       50

PRECIPITATION (IN)
  YESTERDAY        0.74R         0.58 1975   0.03   0.71     0.00
  MONTH TO DATE    1.06                      0.54   0.52     0.58
  SINCE MAR 1      1.33                      1.46  -0.13     0.68
  SINCE JAN 1      2.19                      2.58  -0.39     2.06

SNOWFALL (IN)
  YESTERDAY        T             5.3  1975   0.1   -0.1      0.0
  MONTH TO DATE    2.0                       0.8    1.2       T
  SINCE MAR 1      3.9                       3.4    0.5       T
  SINCE JUL 1     12.5                      18.9   -6.4     25.7
  SNOW DEPTH       0

DEGREE DAYS
 HEATING
  YESTERDAY       30                        13     17       15
  MONTH TO DATE  281                       260     21      289
  SINCE MAR 1    804                       913   -109      941
  SINCE JUL 1   4789                      5292   -503     5879

 COOLING
  YESTERDAY        0                         0      0        0
  MONTH TO DATE    0                         0      0        0
  SINCE MAR 1      0                         0      0        0
  SINCE JAN 1      0                         0      0        0
..................................................................


WIND (MPH)
  HIGHEST WIND SPEED    13   HIGHEST WIND DIRECTION    SE (130)
  HIGHEST GUST SPEED    15   HIGHEST GUST DIRECTION    SE (130)
  AVERAGE WIND SPEED     4.4


SKY COVER
  POSSIBLE SUNSHINE  MM
  AVERAGE SKY COVER 1.0


WEATHER CONDITIONS
 THE FOLLOWING WEATHER WAS RECORDED YESTERDAY.
  RAIN
  LIGHT RAIN
  SNOW
  LIGHT SNOW
  FOG


RELATIVE HUMIDITY (PERCENT)
 HIGHEST   100          1200 AM
 LOWEST     92           300 AM
 AVERAGE    96

..........................................................


THE GRAND JUNCTION CO CLIMATE NORMALS FOR TODAY
                         NORMAL    RECORD    YEAR
 MAXIMUM TEMPERATURE (F)   66        84      1946
 MINIMUM TEMPERATURE (F)   39        22      1922


SUNRISE AND SUNSET
APRIL 18 2015.........SUNRISE   633 AM MDT   SUNSET   754 PM MDT
APRIL 19 2015.........SUNRISE   632 AM MDT   SUNSET   755 PM MDT


-  INDICATES NEGATIVE NUMBERS.
R  INDICATES RECORD WAS SET OR TIED.
MM INDICATES DATA IS MISSING.
T  INDICATES TRACE AMOUNT.




$$
