000
CDUS44 KHGX 042131
CLIGLS


CLIMATE REPORT
NATIONAL WEATHER SERVICE HOUSTON/GALVESTON TX
428 PM CDT MON MAY 4 2015


...................................

...THE GALVESTON CLIMATE SUMMARY FOR MAY 4 2015...
VALID TODAY AS OF 0400 PM LOCAL TIME.

CLIMATE NORMAL PERIOD 1981 TO 2010
CLIMATE RECORD PERIOD 1875 TO 2015


WEATHER ITEM   OBSERVED TIME   RECORD YEAR NORMAL DEPARTURE LAST
                VALUE   (LST)  VALUE       VALUE  FROM      YEAR
                                                  NORMAL
..................................................................
TEMPERATURE (F)
 TODAY
  MAXIMUM         80    253 PM  88    1951  80      0       80
  MINIMUM         71    506 AM  52    1954  69      2       66
  AVERAGE         76                        75      1       73

PRECIPITATION (IN)
  TODAY            0.00          2.55 1904   0.14  -0.14     0.00
  MONTH TO DATE    0.00                      0.54  -0.54      T
  SINCE MAR 1     12.99                      6.75   6.24     1.92
  SINCE JAN 1     19.13                     13.52   5.61     4.97

SNOWFALL (IN)
  TODAY            0.0          MM      MM  MM     MM        0.0
  MONTH TO DATE    0.0                      MM     MM        0.0
  SINCE MAR 1      0.0                      MM     MM        0.0
  SINCE JUL 1      0.0                      MM     MM         T
  SNOW DEPTH       0

DEGREE DAYS
 HEATING
  TODAY            0                         0      0        0
  MONTH TO DATE    0                         0      0        0
  SINCE MAR 1    120                       121     -1      186
  SINCE JUL 1   1182                      1009    173     1425

 COOLING
  TODAY           11                        10      1        8
  MONTH TO DATE   37                        38     -1       21
  SINCE MAR 1    314                       264     50      202
  SINCE JAN 1    320                       281     39      209
..................................................................


WIND (MPH)
  RESULTANT WIND SPEED  12   RESULTANT WIND DIRECTION  SE (120)
  HIGHEST WIND SPEED    17   HIGHEST WIND DIRECTION    SE (140)
  HIGHEST GUST SPEED    21   HIGHEST GUST DIRECTION    SE (130)
  AVERAGE WIND SPEED    12.2


SKY COVER
  AVERAGE SKY COVER 0.0


WEATHER CONDITIONS
 THE FOLLOWING WEATHER WAS RECORDED TODAY.
  NO SIGNIFICANT WEATHER WAS OBSERVED.


RELATIVE HUMIDITY (PERCENT)
 HIGHEST    79          1200 AM
 LOWEST     48          1000 AM
 AVERAGE    64

..........................................................


THE GALVESTON CLIMATE NORMALS FOR TOMORROW
                         NORMAL    RECORD    YEAR
 MAXIMUM TEMPERATURE (F)   80        87      1908
 MINIMUM TEMPERATURE (F)   70        57      1957
                                             1944


SUNRISE AND SUNSET
MAY  4 2015...........SUNRISE   635 AM CDT   SUNSET   757 PM CDT
MAY  5 2015...........SUNRISE   635 AM CDT   SUNSET   758 PM CDT


-  INDICATES NEGATIVE NUMBERS.
R  INDICATES RECORD WAS SET OR TIED.
MM INDICATES DATA IS MISSING.
T  INDICATES TRACE AMOUNT.




$$
