000
CDUS42 KJAX 270532
CLIGNV


CLIMATE REPORT
NATIONAL WEATHER SERVICE JACKSONVILLE FL
131 AM EDT MON APR 27 2015


...................................

...THE GAINESVILLE CLIMATE SUMMARY FOR APRIL 26 2015...

CLIMATE NORMAL PERIOD 1981 TO 2010
CLIMATE RECORD PERIOD 1890 TO 2015


WEATHER ITEM   OBSERVED TIME   RECORD YEAR NORMAL DEPARTURE LAST
                VALUE   (LST)  VALUE       VALUE  FROM      YEAR
                                                  NORMAL
..................................................................
TEMPERATURE (F)
 YESTERDAY
  MAXIMUM         87    154 PM  93    1908  83      4       86
  MINIMUM         70    100 AM  39    1910  57     13       65
  AVERAGE         79                        70      9       76

PRECIPITATION (IN)
  YESTERDAY        0.88          1.10 1950   0.08   0.80     0.00
  MONTH TO DATE    2.84                      2.37   0.47     1.37
  SINCE MAR 1      4.01                      6.70  -2.69     6.87
  SINCE JAN 1      9.27                     13.21  -3.94    16.44

SNOWFALL (IN)
  YESTERDAY        0.0           0.0    MM   0.0    0.0      0.0
  MONTH TO DATE    0.0                       0.0    0.0      0.0
  SINCE MAR 1      0.0                       0.0    0.0      0.0
  SINCE JUL 1      0.0                       0.0    0.0      0.0
  SNOW DEPTH       0

DEGREE DAYS
 HEATING
  YESTERDAY        0                         1     -1        0
  MONTH TO DATE    0                        41    -41       20
  SINCE MAR 1     60                       178   -118      183
  SINCE JUL 1   1211                      1212     -1     1093

 COOLING
  YESTERDAY       14                         5      9       11
  MONTH TO DATE  220                        97    123      100
  SINCE MAR 1    359                       151    208      125
  SINCE JAN 1    374                       183    191      162
..................................................................


WIND (MPH)
  HIGHEST WIND SPEED    22   HIGHEST WIND DIRECTION     W (250)
  HIGHEST GUST SPEED    37   HIGHEST GUST DIRECTION     N (350)
  AVERAGE WIND SPEED    10.3


SKY COVER
  POSSIBLE SUNSHINE  MM
  AVERAGE SKY COVER 0.5


WEATHER CONDITIONS
 THE FOLLOWING WEATHER WAS RECORDED YESTERDAY.
  THUNDERSTORM
  HEAVY RAIN
  RAIN
  LIGHT RAIN
  FOG


RELATIVE HUMIDITY (PERCENT)
 HIGHEST    94           700 AM
 LOWEST     55           200 PM
 AVERAGE    75

..........................................................


THE GAINESVILLE CLIMATE NORMALS FOR TODAY
                         NORMAL    RECORD    YEAR
 MAXIMUM TEMPERATURE (F)   83        96      2011
 MINIMUM TEMPERATURE (F)   57        43      2001


SUNRISE AND SUNSET
APRIL 27 2015.........SUNRISE   651 AM EDT   SUNSET   803 PM EDT
APRIL 28 2015.........SUNRISE   650 AM EDT   SUNSET   804 PM EDT


-  INDICATES NEGATIVE NUMBERS.
R  INDICATES RECORD WAS SET OR TIED.
MM INDICATES DATA IS MISSING.
T  INDICATES TRACE AMOUNT.




$$
