000
CDUS44 KAMA 192134
CLIGUY


CLIMATE REPORT
NATIONAL WEATHER SERVICE AMARILLO TX
430 PM CDT SUN APR 19 2015


...................................

...THE GUYMON CLIMATE SUMMARY FOR APRIL 19 2015...
VALID TODAY AS OF 0400 PM LOCAL TIME.

CLIMATE NORMAL PERIOD 1981 TO 2010
CLIMATE RECORD PERIOD 1998 TO 2015


WEATHER ITEM   OBSERVED TIME   RECORD YEAR NORMAL DEPARTURE LAST
                VALUE   (LST)  VALUE       VALUE  FROM      YEAR
                                                  NORMAL
..................................................................
TEMPERATURE (F)
 TODAY
  MAXIMUM         61    259 PM  MM      MM  71    -10       82
  MINIMUM         38    321 AM  MM      MM  41     -3       52
  AVERAGE         50                        56     -6       67

PRECIPITATION (IN)
  TODAY            T            MM      MM   0.05  -0.05      T
  MONTH TO DATE    0.26                      0.92  -0.66     0.53
  SINCE MAR 1      1.27                      2.35  -1.08     0.74
  SINCE JAN 1      3.22                      3.22   0.00     1.08

SNOWFALL (IN)
  TODAY            0.0          MM      MM  MM     MM        0.0
  MONTH TO DATE    0.0                      MM     MM        2.0
  SINCE MAR 1      2.0                      MM     MM        3.5
  SINCE JUL 1     23.3                      MM     MM       16.2
  SNOW DEPTH       0

DEGREE DAYS
 HEATING
  TODAY           15                         9      6        0
  MONTH TO DATE  129                       224    -95      227
  SINCE MAR 1    582                       805   -223      832
  SINCE JUL 1   3799                      4272   -473     4398

 COOLING
  TODAY            0                         0      0        2
  MONTH TO DATE   15                         0     15        6
  SINCE MAR 1     16                         2     14        7
  SINCE JAN 1     16                         2     14        7
..................................................................


WIND (MPH)
  RESULTANT WIND SPEED  18   RESULTANT WIND DIRECTION   N (340)
  HIGHEST WIND SPEED    44   HIGHEST WIND DIRECTION     N (360)
  HIGHEST GUST SPEED    54   HIGHEST GUST DIRECTION     N (10)
  AVERAGE WIND SPEED    21.4


SKY COVER
  AVERAGE SKY COVER 0.7


WEATHER CONDITIONS
 THE FOLLOWING WEATHER WAS RECORDED TODAY.
  LIGHT RAIN


RELATIVE HUMIDITY (PERCENT)
 HIGHEST    79           300 AM
 LOWEST     31           300 PM
 AVERAGE    55

..........................................................


THE GUYMON CLIMATE NORMALS FOR TOMORROW
                         NORMAL    RECORD    YEAR
 MAXIMUM TEMPERATURE (F)   72        MM        MM
 MINIMUM TEMPERATURE (F)   41        MM        MM


SUNRISE AND SUNSET
APRIL 19 2015.........SUNRISE   707 AM CDT   SUNSET   824 PM CDT
APRIL 20 2015.........SUNRISE   706 AM CDT   SUNSET   825 PM CDT


-  INDICATES NEGATIVE NUMBERS.
R  INDICATES RECORD WAS SET OR TIED.
MM INDICATES DATA IS MISSING.
T  INDICATES TRACE AMOUNT.




$$
