000
CDUS44 KJAN 010849
CLIGWO


CLIMATE REPORT
NATIONAL WEATHER SERVICE JACKSON MS
346 AM CDT WED APR 1 2015


...................................

...THE GREENWOOD CLIMATE SUMMARY FOR MARCH 31 2015...

CLIMATE NORMAL PERIOD 1981 TO 2010
CLIMATE RECORD PERIOD 1948 TO 2015


WEATHER ITEM   OBSERVED TIME   RECORD YEAR NORMAL DEPARTURE LAST
                VALUE   (LST)  VALUE       VALUE  FROM      YEAR
                                                  NORMAL
..................................................................
TEMPERATURE (F)
 YESTERDAY
  MAXIMUM         80    146 PM  88    1963  71      9       80
  MINIMUM         54    336 AM  28    1987  47      7       41
  AVERAGE         67                        59      8       61

PRECIPITATION (IN)
  YESTERDAY        T             2.00 1957   0.16  -0.16      T
  MONTH TO DATE    5.14                      4.31   0.83     4.08
  SINCE MAR 1      5.14                      4.31   0.83     4.08
  SINCE JAN 1     14.53                     13.25   1.28    10.36

SNOWFALL (IN)
  YESTERDAY        0.0

DEGREE DAYS
 HEATING
  YESTERDAY        0                         7     -7        4
  MONTH TO DATE  273                       316    -43      438
  SINCE MAR 1    273                       316    -43      438
  SINCE JUL 1   2794                      2547    247     3092

 COOLING
  YESTERDAY        2                         1      1        0
  MONTH TO DATE    9                        21    -12        4
  SINCE MAR 1      9                        21    -12        4
  SINCE JAN 1      9                        26    -17        4
..................................................................


WIND (MPH)
  HIGHEST WIND SPEED    29   HIGHEST WIND DIRECTION     S (170)
  HIGHEST GUST SPEED    32   HIGHEST GUST DIRECTION     S (160)
  AVERAGE WIND SPEED     6.6


SKY COVER
  POSSIBLE SUNSHINE  MM
  AVERAGE SKY COVER 0.4


WEATHER CONDITIONS
 THE FOLLOWING WEATHER WAS RECORDED YESTERDAY.
  THUNDERSTORM
  LIGHT RAIN


RELATIVE HUMIDITY (PERCENT)
 HIGHEST    86           400 AM
 LOWEST     54           200 PM
 AVERAGE    70

..........................................................


THE GREENWOOD CLIMATE NORMALS FOR TODAY
                         NORMAL    RECORD    YEAR
 MAXIMUM TEMPERATURE (F)   72        88      1963
 MINIMUM TEMPERATURE (F)   48        33      1994


SUNRISE AND SUNSET
APRIL  1 2015.........SUNRISE   648 AM CDT   SUNSET   721 PM CDT
APRIL  2 2015.........SUNRISE   647 AM CDT   SUNSET   721 PM CDT


-  INDICATES NEGATIVE NUMBERS.
R  INDICATES RECORD WAS SET OR TIED.
MM INDICATES DATA IS MISSING.
T  INDICATES TRACE AMOUNT.




$$
