000
CDUS44 KJAN 270838
CLIGWO


CLIMATE REPORT
NATIONAL WEATHER SERVICE JACKSON MS
329 AM CDT MON APR 27 2015


...................................

...THE GREENWOOD CLIMATE SUMMARY FOR APRIL 26 2015...

CLIMATE NORMAL PERIOD 1981 TO 2010
CLIMATE RECORD PERIOD 1948 TO 2015


WEATHER ITEM   OBSERVED TIME   RECORD YEAR NORMAL DEPARTURE LAST
                VALUE   (LST)  VALUE       VALUE  FROM      YEAR
                                                  NORMAL
..................................................................
TEMPERATURE (F)
 YESTERDAY
  MAXIMUM         83    224 PM  88    1994  78      5       85
                                      1971
  MINIMUM         58   1159 PM  44    2013  55      3       50
                                      1992
  AVERAGE         71                        66      5       68

PRECIPITATION (IN)
  YESTERDAY        0.00          2.06 1964   0.17  -0.17     0.00
  MONTH TO DATE    6.17                      4.46   1.71     8.47
  SINCE MAR 1     11.31                      8.77   2.54    12.55
  SINCE JAN 1     20.70                     17.71   2.99    18.83

SNOWFALL (IN)
  YESTERDAY        0.0

DEGREE DAYS
 HEATING
  YESTERDAY        0                         2     -2        0
  MONTH TO DATE   49                       116    -67      135
  SINCE MAR 1    322                       432   -110      573
  SINCE JUL 1   2843                      2663    180     3227

 COOLING
  YESTERDAY        6                         3      3        3
  MONTH TO DATE  102                        60     42       44
  SINCE MAR 1    111                        81     30       48
  SINCE JAN 1    111                        86     25       48
..................................................................


WIND (MPH)
  HIGHEST WIND SPEED    18   HIGHEST WIND DIRECTION    NE (50)
  HIGHEST GUST SPEED    23   HIGHEST GUST DIRECTION    NE (30)
  AVERAGE WIND SPEED     6.8


SKY COVER
  POSSIBLE SUNSHINE  MM
  AVERAGE SKY COVER 0.1


WEATHER CONDITIONS
 THE FOLLOWING WEATHER WAS RECORDED YESTERDAY.
  FOG
  FOG W/VISIBILITY <= 1/4 MILE


RELATIVE HUMIDITY (PERCENT)
 HIGHEST    93           400 AM
 LOWEST     46           200 PM
 AVERAGE    70

..........................................................


THE GREENWOOD CLIMATE NORMALS FOR TODAY
                         NORMAL    RECORD    YEAR
 MAXIMUM TEMPERATURE (F)   78        93      1987
 MINIMUM TEMPERATURE (F)   55        40      1992


SUNRISE AND SUNSET
APRIL 27 2015.........SUNRISE   616 AM CDT   SUNSET   740 PM CDT
APRIL 28 2015.........SUNRISE   615 AM CDT   SUNSET   741 PM CDT


-  INDICATES NEGATIVE NUMBERS.
R  INDICATES RECORD WAS SET OR TIED.
MM INDICATES DATA IS MISSING.
T  INDICATES TRACE AMOUNT.




$$
