000
CDUS46 KHNX 190821
CLIHJO


CLIMATE REPORT
NATIONAL WEATHER SERVICE SAN JOAQUIN VALLEY, CA
121 AM PDT SUN APR 19 2015


...................................

...THE HANFORD CA CLIMATE SUMMARY FOR APRIL 18 2015...

CLIMATE NORMAL PERIOD 1981 TO 2010
CLIMATE RECORD PERIOD 1998 TO 2015


WEATHER ITEM   OBSERVED TIME   RECORD YEAR NORMAL DEPARTURE
                VALUE   (LST)  VALUE       VALUE  FROM
                                                  NORMAL
...............................................................
TEMPERATURE (F)
 YESTERDAY
  MAXIMUM         91R   333 PM  90    1999  76     15
  MINIMUM         48    552 AM  35    2013  47      1
  AVERAGE         70                        61      9

PRECIPITATION (IN)
  YESTERDAY        0.00          0.02 2000   0.02  -0.02
  MONTH TO DATE    0.70                      0.46   0.24
  SINCE OCT 1      4.75                      8.99  -4.24
  SINCE JAN 1      1.63                      5.86  -4.23

SNOWFALL (IN)
  YESTERDAY        0.0
  MONTH TO DATE    0.0
  SINCE MAR 1      0.0
  SINCE JUL 1      0.0
  SNOW DEPTH       0

DEGREE DAYS
 HEATING
  YESTERDAY        0
  MONTH TO DATE   55
  SINCE MAR 1    145
  SINCE JUL 1   1687

 COOLING
  YESTERDAY        5
  MONTH TO DATE   20
  SINCE MAR 1     78
  SINCE JAN 1     78
...............................................................


WIND (MPH)
  HIGHEST WIND SPEED    12   HIGHEST WIND DIRECTION    NW (310)
  HIGHEST GUST SPEED    15   HIGHEST GUST DIRECTION    NW (320)
  AVERAGE WIND SPEED     3.1




RELATIVE HUMIDITY (PERCENT)
 HIGHEST    77
 LOWEST     10
 AVERAGE    44

..........................................................


THE HANFORD CA CLIMATE NORMALS FOR TODAY
                         NORMAL    RECORD    YEAR
 MAXIMUM TEMPERATURE (F)   76        93      2009
 MINIMUM TEMPERATURE (F)   47        34      2004


SUNRISE AND SUNSET
APRIL 19 2015.........SUNRISE   620 AM PDT   SUNSET   736 PM PDT
APRIL 20 2015.........SUNRISE   619 AM PDT   SUNSET   737 PM PDT


-  INDICATES NEGATIVE NUMBERS.
R  INDICATES RECORD WAS SET OR TIED.
MM INDICATES DATA IS MISSING.
T  INDICATES TRACE AMOUNT.




$$
