000
CDUS44 KBRO 060852
CLIHRL


CLIMATE REPORT
NATIONAL WEATHER SERVICE BROWNSVILLE TX
352 AM CDT WED MAY 6 2015


...................................

...THE HARLINGEN CLIMATE SUMMARY FOR MAY 5 2015...

CLIMATE NORMAL PERIOD 1981 TO 2010
CLIMATE RECORD PERIOD 1912 TO 2015


WEATHER ITEM   OBSERVED TIME   RECORD YEAR NORMAL DEPARTURE LAST
                VALUE   (LST)  VALUE       VALUE  FROM      YEAR
                                                  NORMAL
..................................................................
TEMPERATURE (F)
 YESTERDAY
  MAXIMUM         85   1214 PM 103    1999  89     -4       89
  MINIMUM         73    527 AM  48    1970  69      4       63
  AVERAGE         79                        79      0       76

PRECIPITATION (IN)
  YESTERDAY        0.00          3.00 1941   0.08  -0.08     0.00
  MONTH TO DATE    T                         0.39  -0.39      T
  SINCE MAR 1      6.79                      3.35   3.44     1.95
  SINCE JAN 1      9.71                      5.82   3.89     2.95

SNOWFALL (IN)
  YESTERDAY        0.0
  MONTH TO DATE    0.0
  SINCE MAR 1      0.0
  SINCE JUL 1      0.0

DEGREE DAYS
 HEATING
  YESTERDAY        0                         0      0        0
  MONTH TO DATE    0                         0      0        0
  SINCE MAR 1     74                        54     20      119
  SINCE JUL 1    767                       622    145      930

 COOLING
  YESTERDAY       14                        14      0       11
  MONTH TO DATE   55                        68    -13       31
  SINCE MAR 1    555                       557     -2      442
  SINCE JAN 1    614                       682    -68      553
..................................................................


WIND (MPH)
  HIGHEST WIND SPEED    26   HIGHEST WIND DIRECTION    SE (150)
  HIGHEST GUST SPEED    31   HIGHEST GUST DIRECTION    SE (150)
  AVERAGE WIND SPEED    17.3



WEATHER CONDITIONS
 THE FOLLOWING WEATHER WAS RECORDED YESTERDAY.
  NO SIGNIFICANT WEATHER WAS OBSERVED.


RELATIVE HUMIDITY (PERCENT)
 HIGHEST    93
 LOWEST     65
 AVERAGE    79

..........................................................


THE HARLINGEN CLIMATE NORMALS FOR TODAY
                         NORMAL    RECORD    YEAR
 MAXIMUM TEMPERATURE (F)   89       100      1934
 MINIMUM TEMPERATURE (F)   69        48      1970


SUNRISE AND SUNSET
MAY  6 2015...........SUNRISE   650 AM CDT   SUNSET   805 PM CDT
MAY  7 2015...........SUNRISE   649 AM CDT   SUNSET   806 PM CDT


-  INDICATES NEGATIVE NUMBERS.
R  INDICATES RECORD WAS SET OR TIED.
MM INDICATES DATA IS MISSING.
T  INDICATES TRACE AMOUNT.




$$
