000
CDUS43 KGID 280655 CCA
CLIHSI

CLIMATE REPORT...CORRECTED
NATIONAL WEATHER SERVICE HASTINGS NE
155 AM CDT TUE APR 28 2015

CORRECTED TO INCLUDE TIMES OF MAX AND MIN TEMP
...................................

...THE HASTINGS NE CLIMATE SUMMARY FOR APRIL 27 2015...

CLIMATE NORMAL PERIOD 1981 TO 2010
CLIMATE RECORD PERIOD 1894 TO 2015


WEATHER ITEM   OBSERVED TIME   RECORD YEAR NORMAL DEPARTURE LAST
                VALUE   (LST)  VALUE       VALUE  FROM      YEAR
                                                  NORMAL
..................................................................
TEMPERATURE (F)
 YESTERDAY
  MAXIMUM         64    429 PM  95    1989  66     -2       74
  MINIMUM         35    556 AM  25    1950  43     -8       48
  AVERAGE         50                        55     -5       61

PRECIPITATION (IN)
  YESTERDAY        0.00          1.02 1963   0.12  -0.12     0.01
  MONTH TO DATE    3.55                      2.16   1.39     3.57
  SINCE MAR 1      3.75                      3.95  -0.20     3.72
  SINCE JAN 1      4.86                      4.85   0.01     4.43

SNOWFALL (IN)
  YESTERDAY        0.0           T    2008   0.0    0.0      0.0
  MONTH TO DATE    T                         1.2   -1.2      2.2
  SINCE MAR 1      0.8                       6.4   -5.6      3.4
  SINCE JUL 1     17.0                      28.8  -11.8     21.7
  SNOW DEPTH       0

DEGREE DAYS
 HEATING
  YESTERDAY       15                        11      4        4
  MONTH TO DATE  335                       403    -68      339
  SINCE MAR 1    969                      1180   -211     1198
  SINCE JUL 1   5592                      5810   -218     6078

 COOLING
  YESTERDAY        0                         0      0        0
  MONTH TO DATE    4                         0      4        8
  SINCE MAR 1      4                         0      4        8
  SINCE JAN 1      4                         0      4        8
..................................................................


WIND (MPH)
  HIGHEST WIND SPEED    18   HIGHEST WIND DIRECTION    NE (50)
  HIGHEST GUST SPEED    24   HIGHEST GUST DIRECTION    NE (50)
  AVERAGE WIND SPEED     8.3


SKY COVER
  AVERAGE SKY COVER 0.0


WEATHER CONDITIONS
 THE FOLLOWING WEATHER WAS RECORDED YESTERDAY.
  NO SIGNIFICANT WEATHER WAS OBSERVED.


RELATIVE HUMIDITY (PERCENT)
 HIGHEST    92           600 AM
 LOWEST     31           400 PM
 AVERAGE    62

..........................................................


THE HASTINGS NE CLIMATE NORMALS FOR TODAY
                         NORMAL    RECORD    YEAR
 MAXIMUM TEMPERATURE (F)   67        93      1989
                                             1910
 MINIMUM TEMPERATURE (F)   43        29      1961


SUNRISE AND SUNSET
APRIL 28 2015.........SUNRISE   637 AM CDT   SUNSET   826 PM CDT
APRIL 29 2015.........SUNRISE   635 AM CDT   SUNSET   827 PM CDT


-  INDICATES NEGATIVE NUMBERS.
R  INDICATES RECORD WAS SET OR TIED.
MM INDICATES DATA IS MISSING.
T  INDICATES TRACE AMOUNT.




$$
