000
CDUS43 KAPX 202127
CLIHTL


CLIMATE REPORT
NATIONAL WEATHER SERVICE GAYLORD MI
527 PM EDT MON APR 20 2015


...................................

...THE HOUGHTON LAKE MI CLIMATE SUMMARY FOR APRIL 20 2015...
VALID TODAY AS OF 0500 PM LOCAL TIME.

CLIMATE NORMAL PERIOD 1981 TO 2010
CLIMATE RECORD PERIOD 1913 TO 2015


WEATHER ITEM   OBSERVED TIME   RECORD YEAR NORMAL DEPARTURE LAST
                VALUE   (LST)  VALUE       VALUE  FROM      YEAR
                                                  NORMAL
..................................................................
TEMPERATURE (F)
 TODAY
  MAXIMUM         51    905 AM  83    1987  56     -5       71
  MINIMUM         44    238 PM   9    1928  33     11       32
  AVERAGE         48                        45      3       52

PRECIPITATION (IN)
  TODAY            0.20          0.84 1955   0.08   0.12     0.03
  MONTH TO DATE    2.16                      1.70   0.46     4.31
  SINCE MAR 1      2.63                      3.54  -0.91     5.46
  SINCE JAN 1      4.44                      6.26  -1.82     8.26

SNOWFALL (IN)
  TODAY            0.0           0.7  2011   0.1             0.0
  MONTH TO DATE    1.0                       3.3             3.5
  SINCE OCT 1     44.2                      66.1            61.9
  SINCE JUL 1     44.2                      66.1            61.9

DEGREE DAYS
 HEATING
  TODAY           17                        20     -3       13
  MONTH TO DATE  443                       493    -50      521
  SINCE MAR 1   1610                      1606      4     1927
  SINCE JUL 1   7977                      7478    499     8375

 COOLING
  TODAY            0                         0      0        0
  MONTH TO DATE    0                         0      0        0
  SINCE MAR 1      0                         0      0        0
  SINCE JAN 1      0                         0      0        0
..................................................................


WIND (MPH)
  RESULTANT WIND SPEED   7   RESULTANT WIND DIRECTION   S (190)
  HIGHEST WIND SPEED    23   HIGHEST WIND DIRECTION     E (80)
  HIGHEST GUST SPEED    30   HIGHEST GUST DIRECTION    SW (210)
  AVERAGE WIND SPEED    15.0


SKY COVER
  POSSIBLE SUNSHINE  MM
  AVERAGE SKY COVER 1.0


WEATHER CONDITIONS
 THE FOLLOWING WEATHER WAS RECORDED TODAY.
  RAIN
  LIGHT RAIN
  FOG


RELATIVE HUMIDITY (PERCENT)
 HIGHEST   100           400 AM
 LOWEST     83           300 PM
 AVERAGE    92

..........................................................


THE HOUGHTON LAKE MI CLIMATE NORMALS FOR TOMORROW
                         NORMAL    RECORD    YEAR
 MAXIMUM TEMPERATURE (F)   57        83      1985
 MINIMUM TEMPERATURE (F)   33        12      1922


SUNRISE AND SUNSET
APRIL 20 2015.........SUNRISE   647 AM EDT   SUNSET   829 PM EDT
APRIL 21 2015.........SUNRISE   645 AM EDT   SUNSET   830 PM EDT


-  INDICATES NEGATIVE NUMBERS.
R  INDICATES RECORD WAS SET OR TIED.
MM INDICATES DATA IS MISSING.
T  INDICATES TRACE AMOUNT.




$$
