000
CDUS43 KIND 250532
CLIHUF


CLIMATE REPORT
NATIONAL WEATHER SERVICE INDIANAPOLIS IN
131 AM EDT SAT APR 25 2015


...................................

...THE TERRE HAUTE IN CLIMATE SUMMARY FOR APRIL 24 2015...

CLIMATE NORMAL PERIOD 1981 TO 2010
CLIMATE RECORD PERIOD 9999 TO 9999


WEATHER ITEM   OBSERVED TIME   NORMAL DEPARTURE LAST
                VALUE   (LST)  VALUE  FROM      YEAR
                                      NORMAL
......................................................
TEMPERATURE (F)
 YESTERDAY
  MAXIMUM         62    458 PM  67     -5       73
  MINIMUM         29    528 AM  45    -16       47
  AVERAGE         46            56    -10       60

PRECIPITATION (IN)
  YESTERDAY        T             0.18  -0.18     0.02
  MONTH TO DATE    4.19          2.82   1.37     4.71
  SINCE MAR 1      7.59          6.19   1.40     6.46
  SINCE JAN 1     10.49         10.48   0.01    10.49

DEGREE DAYS
 HEATING
  YESTERDAY       19            10      9        5
  MONTH TO DATE  233           315    -82      293
  SINCE MAR 1   1036          1006     30     1155
  SINCE JUL 1   5670          5169    501     5890

 COOLING
  YESTERDAY        0             1     -1        0
  MONTH TO DATE    6            10     -4        3
  SINCE MAR 1      6            11     -5        3
  SINCE JAN 1      6            11     -5        3
......................................................


WIND (MPH)
  HIGHEST WIND SPEED    14   HIGHEST WIND DIRECTION     S (190)
  HIGHEST GUST SPEED    20   HIGHEST GUST DIRECTION    SE (150)
  AVERAGE WIND SPEED     4.8


SKY COVER
  AVERAGE SKY COVER 0.5


WEATHER CONDITIONS
 THE FOLLOWING WEATHER WAS RECORDED YESTERDAY.
  LIGHT RAIN


RELATIVE HUMIDITY (PERCENT)
 HIGHEST    85           200 AM
 LOWEST     24          1100 AM
 AVERAGE    55

..........................................................


THE TERRE HAUTE IN CLIMATE NORMALS FOR TODAY
                         NORMAL
 MAXIMUM TEMPERATURE (F)   67
 MINIMUM TEMPERATURE (F)   45


SUNRISE AND SUNSET
APRIL 25 2015.........SUNRISE   658 AM EDT   SUNSET   837 PM EDT
APRIL 26 2015.........SUNRISE   657 AM EDT   SUNSET   838 PM EDT


-  INDICATES NEGATIVE NUMBERS.
R  INDICATES RECORD WAS SET OR TIED.
MM INDICATES DATA IS MISSING.
T  INDICATES TRACE AMOUNT.




$$
