000
CDUS45 KTFX 180914
CLIHVR


CLIMATE REPORT
NATIONAL WEATHER SERVICE GREAT FALLS MT
313 AM MDT SAT APR 18 2015


...................................

...THE HAVRE MT CLIMATE SUMMARY FOR APRIL 17 2015...

CLIMATE NORMAL PERIOD 1981 TO 2010
CLIMATE RECORD PERIOD 1880 TO 2015


WEATHER ITEM   OBSERVED TIME   RECORD YEAR NORMAL DEPARTURE LAST
                VALUE   (LST)  VALUE       VALUE  FROM      YEAR
                                                  NORMAL
..................................................................
TEMPERATURE (F)
 YESTERDAY
  MAXIMUM         71    337 PM  83    1923  59     12       60
  MINIMUM         31    536 AM   6    1896  31      0       26
  AVERAGE         51                        45      6       43

PRECIPITATION (IN)
  YESTERDAY        0.00          0.46 1978   0.03  -0.03      T
  MONTH TO DATE    0.30                      0.41  -0.11     0.07
  SINCE OCT 1      4.03                      2.97   1.06     3.88
  SINCE JAN 1      2.46                      1.56   0.90     1.87

SNOWFALL (IN)
  YESTERDAY        0.0           2.0  1909   0.1   -0.1      0.0
  MONTH TO DATE    T                         2.2   -2.2       T
  SINCE MAR 1      T                         8.5   -8.5      7.0
  SINCE JUL 1     20.6                      36.4  -15.8     44.4
  SNOW DEPTH       0

DEGREE DAYS
 HEATING
  YESTERDAY       14                        20     -6       22
  MONTH TO DATE  377                       385     -8      397
  SINCE MAR 1   1109                      1383   -274     1559
  SINCE JUL 1   6777                      7503   -726     7800

 COOLING
  YESTERDAY        0                         0      0        0
  MONTH TO DATE    0                         0      0        0
  SINCE MAR 1      0                         0      0        0
  SINCE JAN 1      0                         0      0        0
..................................................................


WIND (MPH)
  HIGHEST WIND SPEED    22   HIGHEST WIND DIRECTION     E (90)
  HIGHEST GUST SPEED    27   HIGHEST GUST DIRECTION     E (90)
  AVERAGE WIND SPEED     9.2


SKY COVER
  AVERAGE SKY COVER 0.0


WEATHER CONDITIONS
 THE FOLLOWING WEATHER WAS RECORDED YESTERDAY.
  NO SIGNIFICANT WEATHER WAS OBSERVED.


RELATIVE HUMIDITY (PERCENT)
 HIGHEST    82           400 AM
 LOWEST     23           200 PM
 AVERAGE    53

..........................................................


THE HAVRE MT CLIMATE NORMALS FOR TODAY
                         NORMAL    RECORD    YEAR
 MAXIMUM TEMPERATURE (F)   59        86      1936
 MINIMUM TEMPERATURE (F)   31         8      1951


SUNRISE AND SUNSET
APRIL 18 2015.........SUNRISE   623 AM MDT   SUNSET   815 PM MDT
APRIL 19 2015.........SUNRISE   621 AM MDT   SUNSET   816 PM MDT


-  INDICATES NEGATIVE NUMBERS.
R  INDICATES RECORD WAS SET OR TIED.
MM INDICATES DATA IS MISSING.
T  INDICATES TRACE AMOUNT.




$$
