000
CDUS43 KICT 030628
CLIICT


CLIMATE REPORT
NATIONAL WEATHER SERVICE WICHITA KS
128 AM CDT SUN MAY 3 2015


...................................

...THE WICHITA EISENHOWER NATIONAL CLIMATE SUMMARY FOR MAY 2 2015...

CLIMATE NORMAL PERIOD 1981 TO 2010
CLIMATE RECORD PERIOD 1888 TO 2015


WEATHER ITEM   OBSERVED TIME   RECORD YEAR NORMAL DEPARTURE LAST
                VALUE   (LST)  VALUE       VALUE  FROM      YEAR
                                                  NORMAL
..................................................................
TEMPERATURE (F)
 YESTERDAY
  MAXIMUM         83    327 PM  92    1968  73     10       74
                                      1955
  MINIMUM         57    341 AM  33    2005  50      7       35
  AVERAGE         70                        62      8       55

PRECIPITATION (IN)
  YESTERDAY        T             2.46 1914   0.13  -0.13     0.00
  MONTH TO DATE    T                         0.25  -0.25     0.00
  SINCE MAR 1      2.90                      5.53  -2.63     1.02
  SINCE JAN 1      4.67                      7.54  -2.87     2.01

SNOWFALL (IN)
  YESTERDAY        0.0           T    2013   0.0    0.0      0.0
  MONTH TO DATE    0.0                       0.0    0.0      0.0
  SINCE MAR 1      1.1                       2.5   -1.4      3.5
  SINCE JUL 1     18.0                      14.9    3.1     23.0
  SNOW DEPTH       0

DEGREE DAYS
 HEATING
  YESTERDAY        0                         5     -5       10
  MONTH TO DATE    0                        10    -10       23
  SINCE MAR 1    637                       878   -241      970
  SINCE JUL 1   4202                      4518   -316     4889

 COOLING
  YESTERDAY        5                         1      4        0
  MONTH TO DATE    6                         2      4        0
  SINCE MAR 1     34                        28      6       33
  SINCE JAN 1     34                        28      6       33
..................................................................


WIND (MPH)
  HIGHEST WIND SPEED    30   HIGHEST WIND DIRECTION     S (170)
  HIGHEST GUST SPEED    38   HIGHEST GUST DIRECTION     S (170)
  AVERAGE WIND SPEED    14.2


SKY COVER
  POSSIBLE SUNSHINE  MM
  AVERAGE SKY COVER 0.6


WEATHER CONDITIONS
 THE FOLLOWING WEATHER WAS RECORDED YESTERDAY.
  LIGHT RAIN


RELATIVE HUMIDITY (PERCENT)
 HIGHEST    75           800 AM
 LOWEST     31           400 PM
 AVERAGE    53

..........................................................


THE WICHITA EISENHOWER NATIONAL CLIMATE NORMALS FOR TODAY
                         NORMAL    RECORD    YEAR
 MAXIMUM TEMPERATURE (F)   73        96      1950
 MINIMUM TEMPERATURE (F)   51        30      1907


SUNRISE AND SUNSET
MAY  3 2015...........SUNRISE   632 AM CDT   SUNSET   821 PM CDT
MAY  4 2015...........SUNRISE   631 AM CDT   SUNSET   822 PM CDT


-  INDICATES NEGATIVE NUMBERS.
R  INDICATES RECORD WAS SET OR TIED.
MM INDICATES DATA IS MISSING.
T  INDICATES TRACE AMOUNT.




$$
