000
CDUS43 KUNR 260832
CLIIEN


CLIMATE REPORT
NATIONAL WEATHER SERVICE RAPID CITY SD
231 AM MDT SUN APR 26 2015


...................................

...THE PINE RIDGE SD CLIMATE SUMMARY FOR APRIL 25 2015...

CLIMATE NORMAL PERIOD 1981 TO 2010
CLIMATE RECORD PERIOD 9999 TO 9999


WEATHER ITEM   OBSERVED TIME   NORMAL DEPARTURE LAST
                VALUE   (LST)  VALUE  FROM      YEAR
                                      NORMAL
......................................................
TEMPERATURE (F)
 YESTERDAY
  MAXIMUM         66    254 PM  63      3       72
  MINIMUM         37    531 AM  34      3       30
  AVERAGE         52            48      4       51

PRECIPITATION (IN)
  YESTERDAY        0.15          0.08   0.07     0.00
  MONTH TO DATE    1.83          1.54   0.29     0.96
  SINCE MAR 1      2.01          2.41  -0.40     1.30
  SINCE JAN 1      2.47          3.20  -0.73     1.57

DEGREE DAYS
 HEATING
  YESTERDAY       13            17     -4       14
  MONTH TO DATE  496           505     -9      514
  SINCE MAR 1   1203          1393   -190     1447
  SINCE JUL 1   6413          6743   -330     6929

 COOLING
  YESTERDAY        0             0      0        0
  MONTH TO DATE    0             0      0        1
  SINCE MAR 1      0             0      0        1
  SINCE JAN 1      0             0      0        1
......................................................


WIND (MPH)
  HIGHEST WIND SPEED    24   HIGHEST WIND DIRECTION     E (70)
  HIGHEST GUST SPEED    32   HIGHEST GUST DIRECTION     E (70)
  AVERAGE WIND SPEED     6.1


SKY COVER
  AVERAGE SKY COVER 0.6


WEATHER CONDITIONS
 THE FOLLOWING WEATHER WAS RECORDED YESTERDAY.
  THUNDERSTORM
  LIGHT RAIN
  FOG
  FOG W/VISIBILITY <= 1/4 MILE


RELATIVE HUMIDITY (PERCENT)
 HIGHEST    96           300 AM
 LOWEST     48           300 PM
 AVERAGE    72

..........................................................




SUNRISE AND SUNSET
APRIL 26 2015.........SUNRISE   551 AM MDT   SUNSET   745 PM MDT
APRIL 27 2015.........SUNRISE   550 AM MDT   SUNSET   746 PM MDT


-  INDICATES NEGATIVE NUMBERS.
R  INDICATES RECORD WAS SET OR TIED.
MM INDICATES DATA IS MISSING.
T  INDICATES TRACE AMOUNT.




$$
