000
CDUS43 KIND 180531
CLIIND


CLIMATE REPORT
NATIONAL WEATHER SERVICE INDIANAPOLIS IN
130 AM EDT SAT APR 18 2015


...................................

...THE INDIANAPOLIS IN CLIMATE SUMMARY FOR APRIL 17 2015...

CLIMATE NORMAL PERIOD 1981 TO 2010
CLIMATE RECORD PERIOD 1871 TO 2015


WEATHER ITEM   OBSERVED TIME   RECORD YEAR NORMAL DEPARTURE LAST
                VALUE   (LST)  VALUE       VALUE  FROM      YEAR
                                                  NORMAL
..................................................................
TEMPERATURE (F)
 YESTERDAY
  MAXIMUM         76    532 PM  87    1896  64     12       65
  MINIMUM         46    643 AM  19    1875  43      3       34
  AVERAGE         61                        54      7       50

PRECIPITATION (IN)
  YESTERDAY        0.00          1.90 1940   0.13  -0.13     0.00
  MONTH TO DATE    2.05                      2.09  -0.04     4.09
  SINCE MAR 1      5.58                      5.65  -0.07     6.47
  SINCE JAN 1      8.73                     10.63  -1.90    11.26

SNOWFALL (IN)
  YESTERDAY        0.0           2.5  1953   0.0    0.0      0.0
  MONTH TO DATE    T                         0.2   -0.2      0.3
  SINCE MAR 1      5.9                       2.8    3.1      3.4
  SINCE JUL 1     25.6                      25.9   -0.3     55.7
  SNOW DEPTH       0

DEGREE DAYS
 HEATING
  YESTERDAY        4                        12     -8       15
  MONTH TO DATE  138                       244   -106      254
  SINCE MAR 1    928                       951    -23     1153
  SINCE JUL 1   5654                      5094    560     5950

 COOLING
  YESTERDAY        0                         0      0        0
  MONTH TO DATE    6                         0      6        4
  SINCE MAR 1      6                         2      4        4
  SINCE JAN 1      6                         2      4        4
..................................................................


WIND (MPH)
  HIGHEST WIND SPEED    12   HIGHEST WIND DIRECTION     E (110)
  HIGHEST GUST SPEED    14   HIGHEST GUST DIRECTION     E (100)
  AVERAGE WIND SPEED     1.9


SKY COVER
  AVERAGE SKY COVER 0.6


WEATHER CONDITIONS
 THE FOLLOWING WEATHER WAS RECORDED YESTERDAY.
  FOG
  FOG W/VISIBILITY <= 1/4 MILE
  HAZE


RELATIVE HUMIDITY (PERCENT)
 HIGHEST   100           400 AM
 LOWEST     31           500 PM
 AVERAGE    66

..........................................................


THE INDIANAPOLIS IN CLIMATE NORMALS FOR TODAY
                         NORMAL    RECORD    YEAR
 MAXIMUM TEMPERATURE (F)   64        87      1977
 MINIMUM TEMPERATURE (F)   44        19      1875


SUNRISE AND SUNSET
APRIL 18 2015.........SUNRISE   704 AM EDT   SUNSET   826 PM EDT
APRIL 19 2015.........SUNRISE   702 AM EDT   SUNSET   827 PM EDT


-  INDICATES NEGATIVE NUMBERS.
R  INDICATES RECORD WAS SET OR TIED.
MM INDICATES DATA IS MISSING.
T  INDICATES TRACE AMOUNT.




$$
