000
CDUS41 KCTP 270607
CLIIPT


CLIMATE REPORT
NATIONAL WEATHER SERVICE STATE COLLEGE PA
206 AM EDT MON APR 27 2015


...................................

...THE WILLIAMSPORT PA CLIMATE SUMMARY FOR APRIL 26 2015...

CLIMATE NORMAL PERIOD 1981 TO 2010
CLIMATE RECORD PERIOD 1895 TO 2015


WEATHER ITEM   OBSERVED TIME   RECORD YEAR NORMAL DEPARTURE LAST
                VALUE   (LST)  VALUE       VALUE  FROM      YEAR
                                                  NORMAL
..................................................................
TEMPERATURE (F)
 YESTERDAY
  MAXIMUM         59    332 PM  92    1990  65     -6       71
  MINIMUM         31    517 AM  26    1934  42    -11       43
  AVERAGE         45                        54     -9       57

PRECIPITATION (IN)
  YESTERDAY        0.00          1.15 1993   0.11  -0.11      T
  MONTH TO DATE    4.19                      2.81   1.38     2.02
  SINCE MAR 1      6.56                      5.78   0.78     4.91
  SINCE JAN 1      9.35                     10.82  -1.47     8.71

SNOWFALL (IN)
  YESTERDAY        0.0           T    1993   0.0    0.0      0.0
                                      1992
  MONTH TO DATE    T                         1.1   -1.1       T
  SINCE MAR 1     11.4                       8.0    3.4      0.1
  SINCE JUL 1     44.4                      36.0    8.4     45.9
  SNOW DEPTH       0

DEGREE DAYS
 HEATING
  YESTERDAY       20                        12      8        8
  MONTH TO DATE  400                       415    -15      418
  SINCE MAR 1   1389                      1244    145     1418
  SINCE JUL 1   6026                      5711    315     6250

 COOLING
  YESTERDAY        0                         0      0        0
  MONTH TO DATE    0                         0      0        9
  SINCE MAR 1      0                         0      0        9
  SINCE JAN 1      0                         0      0        9
..................................................................


WIND (MPH)
  HIGHEST WIND SPEED    17   HIGHEST WIND DIRECTION    NW (310)
  HIGHEST GUST SPEED    22   HIGHEST GUST DIRECTION    NW (310)
  AVERAGE WIND SPEED     6.1


SKY COVER
  POSSIBLE SUNSHINE  MM
  AVERAGE SKY COVER 0.4


WEATHER CONDITIONS
 THE FOLLOWING WEATHER WAS RECORDED YESTERDAY.
  NO SIGNIFICANT WEATHER WAS OBSERVED.


RELATIVE HUMIDITY (PERCENT)
 HIGHEST    78           500 AM
 LOWEST     28           300 PM
 AVERAGE    53

..........................................................


THE WILLIAMSPORT PA CLIMATE NORMALS FOR TODAY
                         NORMAL    RECORD    YEAR
 MAXIMUM TEMPERATURE (F)   66        94      2009
 MINIMUM TEMPERATURE (F)   42        28      1926


SUNRISE AND SUNSET
APRIL 27 2015.........SUNRISE   611 AM EDT   SUNSET   800 PM EDT
APRIL 28 2015.........SUNRISE   610 AM EDT   SUNSET   801 PM EDT


-  INDICATES NEGATIVE NUMBERS.
R  INDICATES RECORD WAS SET OR TIED.
MM INDICATES DATA IS MISSING.
T  INDICATES TRACE AMOUNT.




$$
