000
CDUS43 KBIS 270729
CLIISN


CLIMATE REPORT
NATIONAL WEATHER SERVICE BISMARCK ND
229 AM CDT MON APR 27 2015


...................................

...THE WILLISTON ND CLIMATE SUMMARY FOR APRIL 26 2015...

CLIMATE NORMAL PERIOD 1981 TO 2010
CLIMATE RECORD PERIOD 1894 TO 2015


WEATHER ITEM   OBSERVED TIME   RECORD YEAR NORMAL DEPARTURE LAST
                VALUE   (LST)  VALUE       VALUE  FROM      YEAR
                                                  NORMAL
..................................................................
TEMPERATURE (F)
 YESTERDAY
  MAXIMUM         57    358 PM  91    1910  62     -5       57
  MINIMUM         36    236 AM  12    1907  34      2       41
  AVERAGE         47                        48     -1       49

PRECIPITATION (IN)
  YESTERDAY        0.01          0.73 1943   0.04  -0.03     0.06
  MONTH TO DATE    0.13                      0.82  -0.69     0.43
  SINCE MAR 1      0.60                      1.53  -0.93     0.75
  SINCE JAN 1      1.54                      2.51  -0.97     1.19

SNOWFALL (IN)
  YESTERDAY       MM             3.8  1966   0.1   MM       MM
  MONTH TO DATE   MM                         3.4   MM       MM
  SINCE MAR 1     MM                         9.6   MM       MM
  SINCE JUL 1     MM                        43.7   MM       MM
  SNOW DEPTH      MM

DEGREE DAYS
 HEATING
  YESTERDAY       18                        17      1       16
  MONTH TO DATE  560                       584    -24      632
  SINCE MAR 1   1429                      1691   -262     1835
  SINCE JUL 1   7945                      8459   -514     8784

 COOLING
  YESTERDAY        0                         0      0        0
  MONTH TO DATE    0                         0      0        0
  SINCE MAR 1      0                         0      0        0
  SINCE JAN 1      0                         0      0        0
..................................................................


WIND (MPH)
  HIGHEST WIND SPEED    16   HIGHEST WIND DIRECTION     N (350)
  HIGHEST GUST SPEED    20   HIGHEST GUST DIRECTION     N (350)
  AVERAGE WIND SPEED     8.7


SKY COVER
  POSSIBLE SUNSHINE  MM
  AVERAGE SKY COVER 0.8


WEATHER CONDITIONS
 THE FOLLOWING WEATHER WAS RECORDED YESTERDAY.
  LIGHT RAIN


RELATIVE HUMIDITY (PERCENT)
 HIGHEST    92           200 AM
 LOWEST     46           600 PM
 AVERAGE    69

..........................................................


THE WILLISTON ND CLIMATE NORMALS FOR TODAY
                         NORMAL    RECORD    YEAR
 MAXIMUM TEMPERATURE (F)   62        88      1910
 MINIMUM TEMPERATURE (F)   34        10      1907


SUNRISE AND SUNSET
APRIL 27 2015.........SUNRISE   643 AM CDT   SUNSET   902 PM CDT
APRIL 28 2015.........SUNRISE   641 AM CDT   SUNSET   904 PM CDT


-  INDICATES NEGATIVE NUMBERS.
R  INDICATES RECORD WAS SET OR TIED.
MM INDICATES DATA IS MISSING.
T  INDICATES TRACE AMOUNT.




$$
