000
CDUS44 KJAN 032107
CLIJAN


CLIMATE REPORT
NATIONAL WEATHER SERVICE JACKSON MS
405 PM CDT SUN MAY 3 2015


...................................

...THE JACKSON CLIMATE SUMMARY FOR MAY 3 2015...
VALID TODAY AS OF 0400 PM LOCAL TIME.

CLIMATE NORMAL PERIOD 1981 TO 2010
CLIMATE RECORD PERIOD 1896 TO 2015


WEATHER ITEM   OBSERVED TIME   RECORD YEAR NORMAL DEPARTURE LAST
                VALUE   (LST)  VALUE       VALUE  FROM      YEAR
                                                  NORMAL
..................................................................
TEMPERATURE (F)
 TODAY
  MAXIMUM         84    139 PM  92    1943  80      4       82
  MINIMUM         53    214 AM  40    2013  58     -5       48
  AVERAGE         69                        69      0       65

PRECIPITATION (IN)
  TODAY            0.00          2.40 1916   0.14  -0.14     0.00
  MONTH TO DATE    0.00                      0.42  -0.42     0.00
  SINCE MAR 1     11.02                     10.42   0.60    18.17
  SINCE JAN 1     21.22                     20.15   1.07    25.22

SNOWFALL (IN)
  TODAY            0.0           0.0    MM   0.0    0.0      0.0
  MONTH TO DATE    0.0                       0.0    0.0      0.0
  SINCE MAR 1      0.3                       0.1    0.2       T
  SINCE JUL 1      0.3                       0.8   -0.5      0.8

DEGREE DAYS
 HEATING
  TODAY            0                         1     -1        0
  MONTH TO DATE    2                         3     -1       11
  SINCE MAR 1    227                       390   -163      469
  SINCE JUL 1   2353                      2382    -29     2735

 COOLING
  TODAY            4                         5     -1        0
  MONTH TO DATE    4                        14    -10        0
  SINCE MAR 1    180                       122     58       83
  SINCE JAN 1    180                       132     48       89
..................................................................


WIND (MPH)
  HIGHEST WIND SPEED    16   HIGHEST WIND DIRECTION     S (180)
  HIGHEST GUST SPEED    20   HIGHEST GUST DIRECTION     S (180)
  AVERAGE WIND SPEED     4.9


SKY COVER
  POSSIBLE SUNSHINE  MM
  AVERAGE SKY COVER 0.3


WEATHER CONDITIONS
 THE FOLLOWING WEATHER WAS RECORDED TODAY.
  NO SIGNIFICANT WEATHER WAS OBSERVED.


RELATIVE HUMIDITY (PERCENT)
 HIGHEST    90           700 AM
 LOWEST     36           100 PM
 AVERAGE    63

..........................................................


THE JACKSON CLIMATE NORMALS FOR TOMORROW
                         NORMAL    RECORD    YEAR
 MAXIMUM TEMPERATURE (F)   80        93      1949
 MINIMUM TEMPERATURE (F)   58        36      2013


SUNRISE AND SUNSET
MAY  3 2015...........SUNRISE   612 AM CDT   SUNSET   743 PM CDT
MAY  4 2015...........SUNRISE   611 AM CDT   SUNSET   743 PM CDT


-  INDICATES NEGATIVE NUMBERS.
R  INDICATES RECORD WAS SET OR TIED.
MM INDICATES DATA IS MISSING.
T  INDICATES TRACE AMOUNT.

&&

AT 4 PM:

THE PEARL RIVER STAGE AT JACKSON WAS 4.8 FEET. THE RIVER HAS
FALLEN 1.9 FEET OVER THE PAST 24 HOURS.

THE MISSISSIPPI RIVER STAGE AT VICKSBURG WAS 41.7 FEET. THE RIVER
HAS FALLEN 0.2 FEET OVER THE PAST 24 HOURS.

THE AIR QUALITY INDEX AT JACKSON WAS 43...WHICH IS GOOD.


$$
