000
CDUS45 KBOI 030931
CLIJER


CLIMATE REPORT
NATIONAL WEATHER SERVICE BOISE ID
331 AM MDT SUN MAY 3 2015


...................................

...THE JEROME ID CLIMATE SUMMARY FOR MAY 2 2015...

CLIMATE NORMAL PERIOD 1981 TO 2010
CLIMATE RECORD PERIOD 1919 TO 2015


WEATHER ITEM   OBSERVED TIME   RECORD YEAR NORMAL DEPARTURE LAST
                VALUE   (LST)  VALUE       VALUE  FROM      YEAR
                                                  NORMAL
..................................................................
TEMPERATURE (F)
 YESTERDAY
  MAXIMUM         79    411 PM  92    1985  63     16       81
  MINIMUM         47    556 AM  24    1954  38      9       44
  AVERAGE         63                        51     12       63

PRECIPITATION (IN)
  YESTERDAY        0.00          0.59 1955   0.06  -0.06     0.00
  MONTH TO DATE    0.00                      0.12  -0.12     0.00
  SINCE OCT 1      4.91                      8.00  -3.09     4.94
  SINCE JAN 1      2.01                      4.48  -2.47     4.34

DEGREE DAYS
 HEATING
  YESTERDAY        2                        14    -12        2
  MONTH TO DATE   11                        29    -18       10
  SINCE MAR 1   1073                      1345   -272     1229
  SINCE JUL 1   5115                      6232  -1117     5897

 COOLING
  YESTERDAY        0                         0      0        0
  MONTH TO DATE    0                         0      0        0
  SINCE MAR 1      0                         0      0        0
  SINCE JAN 1      0                         0      0        0
..................................................................


WIND (MPH)
  HIGHEST WIND SPEED    18   HIGHEST WIND DIRECTION     W (280)
  HIGHEST GUST SPEED    24   HIGHEST GUST DIRECTION     W (280)
  AVERAGE WIND SPEED     9.7


SKY COVER
  AVERAGE SKY COVER 0.1


WEATHER CONDITIONS
 THE FOLLOWING WEATHER WAS RECORDED YESTERDAY.
  NO SIGNIFICANT WEATHER WAS OBSERVED.


RELATIVE HUMIDITY (PERCENT)
 HIGHEST    49           600 AM
 LOWEST     11           300 PM
 AVERAGE    30

..........................................................


THE JEROME ID CLIMATE NORMALS FOR TODAY
                         NORMAL    RECORD    YEAR
 MAXIMUM TEMPERATURE (F)   63        92      1966
 MINIMUM TEMPERATURE (F)   39        21      1950


SUNRISE AND SUNSET
MAY  3 2015...........SUNRISE   630 AM MDT   SUNSET   840 PM MDT
MAY  4 2015...........SUNRISE   628 AM MDT   SUNSET   841 PM MDT


-  INDICATES NEGATIVE NUMBERS.
R  INDICATES RECORD WAS SET OR TIED.
MM INDICATES DATA IS MISSING.
T  INDICATES TRACE AMOUNT.




$$
