000
CDUS41 KOKX 260635
CLIJFK


CLIMATE REPORT
NATIONAL WEATHER SERVICE NEW YORK NY
234 AM EDT SUN APR 26 2015


...................................

...THE KENNEDY NY CLIMATE SUMMARY FOR APRIL 25 2015...

CLIMATE NORMAL PERIOD 1981 TO 2010
CLIMATE RECORD PERIOD 1949 TO 2015


WEATHER ITEM   OBSERVED TIME   RECORD YEAR NORMAL DEPARTURE LAST
                VALUE   (LST)  VALUE       VALUE  FROM      YEAR
                                                  NORMAL
..................................................................
TEMPERATURE (F)
 YESTERDAY
  MAXIMUM         59    147 PM  88    1960  62     -3       59
  MINIMUM         39    539 AM  37    1971  47     -8       43
                                      1967
  AVERAGE         49                        54     -5       51

PRECIPITATION (IN)
  YESTERDAY        0.00          1.55 2010   0.12  -0.12      T
  MONTH TO DATE    1.61                      3.27  -1.66     1.54
  SINCE MAR 1      6.49                      7.05  -0.56     5.80
  SINCE JAN 1     14.15                     12.80   1.35    13.40

SNOWFALL (IN)
  YESTERDAY        0.0          MM      MM   0.0    0.0      0.0
  MONTH TO DATE    0.0                       0.8   -0.8      0.1
  SINCE OCT 1     44.2                      23.8   20.4     45.6
  SINCE JUL 1     44.2                      23.8   20.4     45.6
  SNOW DEPTH       0

DEGREE DAYS
 HEATING
  YESTERDAY       16                        11      5       14
  MONTH TO DATE  328                       367    -39      381
  SINCE MAR 1   1165                      1092     73     1231
  SINCE JUL 1   4857                      4603    254     4938

 COOLING
  YESTERDAY        0                         0      0        0
  MONTH TO DATE    0                         0      0        0
  SINCE MAR 1      0                         0      0        0
  SINCE JAN 1      0                         0      0        0
..................................................................


WIND (MPH)
  HIGHEST WIND SPEED    20   HIGHEST WIND DIRECTION     S (180)
  HIGHEST GUST SPEED    26   HIGHEST GUST DIRECTION     N (340)
  AVERAGE WIND SPEED    10.7


SKY COVER
  POSSIBLE SUNSHINE  MM
  AVERAGE SKY COVER 0.4


WEATHER CONDITIONS
 THE FOLLOWING WEATHER WAS RECORDED YESTERDAY.
  NO SIGNIFICANT WEATHER WAS OBSERVED.


RELATIVE HUMIDITY (PERCENT)
 HIGHEST    71           900 PM
 LOWEST     25           200 PM
 AVERAGE    48

..........................................................


THE KENNEDY NY CLIMATE NORMALS FOR TODAY
                         NORMAL    RECORD    YEAR
 MAXIMUM TEMPERATURE (F)   63        86      2009
 MINIMUM TEMPERATURE (F)   47        37      1967


SUNRISE AND SUNSET
APRIL 26 2015.........SUNRISE   601 AM EDT   SUNSET   746 PM EDT
APRIL 27 2015.........SUNRISE   600 AM EDT   SUNSET   747 PM EDT


-  INDICATES NEGATIVE NUMBERS.
R  INDICATES RECORD WAS SET OR TIED.
MM INDICATES DATA IS MISSING.
T  INDICATES TRACE AMOUNT.




$$
