000
CDUS43 KIND 250532
CLILAF


CLIMATE REPORT
NATIONAL WEATHER SERVICE INDIANAPOLIS IN
131 AM EDT SAT APR 25 2015


...................................

...THE LAFAYETTE IN CLIMATE SUMMARY FOR APRIL 24 2015...

CLIMATE NORMAL PERIOD 1981 TO 2010
CLIMATE RECORD PERIOD 9999 TO 9999


WEATHER ITEM   OBSERVED TIME   NORMAL DEPARTURE LAST
                VALUE   (LST)  VALUE  FROM      YEAR
                                      NORMAL
......................................................
TEMPERATURE (F)
 YESTERDAY
  MAXIMUM         61    325 PM  66     -5       65
  MINIMUM         27    628 AM  44    -17       48
  AVERAGE         44            55    -11       57

PRECIPITATION (IN)
  YESTERDAY        T             0.12  -0.12     0.01
  MONTH TO DATE    1.60          2.77  -1.17     3.56
  SINCE MAR 1      2.38          5.44  -3.06     5.06
  SINCE JAN 1      4.11          9.06  -4.95     8.40

DEGREE DAYS
 HEATING
  YESTERDAY       21            11     10        8
  MONTH TO DATE  297           348    -51      370
  SINCE MAR 1   1182          1099     83     1358
  SINCE JUL 1   6260          5433    827     6320

 COOLING
  YESTERDAY        0             1     -1        0
  MONTH TO DATE    2             6     -4        1
  SINCE MAR 1      2             7     -5        1
  SINCE JAN 1      2             7     -5        1
......................................................


WIND (MPH)
  HIGHEST WIND SPEED    12   HIGHEST WIND DIRECTION     E (70)
  HIGHEST GUST SPEED    16   HIGHEST GUST DIRECTION     E (70)
  AVERAGE WIND SPEED     4.6


SKY COVER
  AVERAGE SKY COVER 0.3


WEATHER CONDITIONS
 THE FOLLOWING WEATHER WAS RECORDED YESTERDAY.
  LIGHT RAIN


RELATIVE HUMIDITY (PERCENT)
 HIGHEST    92           500 AM
 LOWEST     22           300 PM
 AVERAGE    57

..........................................................


THE LAFAYETTE IN CLIMATE NORMALS FOR TODAY
                         NORMAL
 MAXIMUM TEMPERATURE (F)   66
 MINIMUM TEMPERATURE (F)   44


SUNRISE AND SUNSET
APRIL 25 2015.........SUNRISE   655 AM EDT   SUNSET   837 PM EDT
APRIL 26 2015.........SUNRISE   654 AM EDT   SUNSET   838 PM EDT


-  INDICATES NEGATIVE NUMBERS.
R  INDICATES RECORD WAS SET OR TIED.
MM INDICATES DATA IS MISSING.
T  INDICATES TRACE AMOUNT.




$$
