000
CDUS45 KCYS 040342
CLILAR


CLIMATE REPORT
NATIONAL WEATHER SERVICE CHEYENNE WY
942 PM MDT SUN MAY 3 2015


...................................

...THE LARAMIE WY AIRPORT CLIMATE SUMMARY FOR MAY 3 2015...
VALID TODAY AS OF 0900 PM LOCAL TIME.

CLIMATE NORMAL PERIOD 1981 TO 2010
CLIMATE RECORD PERIOD 1948 TO 2015


WEATHER ITEM   OBSERVED TIME   RECORD YEAR NORMAL DEPARTURE LAST
                VALUE   (LST)  VALUE       VALUE  FROM      YEAR
                                                  NORMAL
..................................................................
TEMPERATURE (F)
 TODAY
  MAXIMUM         62   1025 AM  77    1952  57      5       73
  MINIMUM         41    828 PM   9    2008  30     11       31
  AVERAGE         52                        43      9       52

PRECIPITATION (IN)
  TODAY            0.02          0.78 1981   0.04  -0.02     0.00
  MONTH TO DATE    0.02                      0.13  -0.11     0.00
  SINCE JAN 1      2.65                      2.39   0.26     2.53

DEGREE DAYS
 HEATING
  TODAY           13                        22     -9       13
  MONTH TO DATE   40                        66    -26       62
  SINCE MAR 1   1702                      1939   -237     1853
  SINCE JUL 1   7379                      8115   -736     7897

 COOLING
  TODAY            0                         0      0        0
  MONTH TO DATE    0                         0      0        0
  SINCE MAR 1      0                         0      0        0
  SINCE JAN 1      0                         0      0        0
..................................................................


WIND (MPH)
  HIGHEST WIND SPEED    28   HIGHEST WIND DIRECTION    NW (300)
  HIGHEST GUST SPEED    35   HIGHEST GUST DIRECTION    NW (300)
  AVERAGE WIND SPEED    10.7


SKY COVER
  AVERAGE SKY COVER 0.4


WEATHER CONDITIONS
 THE FOLLOWING WEATHER WAS RECORDED TODAY.
  THUNDERSTORM
  LIGHT RAIN


RELATIVE HUMIDITY (PERCENT)
 HIGHEST    86           700 PM
 LOWEST     37           300 PM
 AVERAGE    62

..........................................................


THE LARAMIE WY AIRPORT CLIMATE NORMALS FOR TOMORROW
                         NORMAL    RECORD    YEAR
 MAXIMUM TEMPERATURE (F)   57        78      2000
 MINIMUM TEMPERATURE (F)   30        18      1979


SUNRISE AND SUNSET
MAY  3 2015...........SUNRISE   558 AM MDT   SUNSET   802 PM MDT
MAY  4 2015...........SUNRISE   556 AM MDT   SUNSET   803 PM MDT


-  INDICATES NEGATIVE NUMBERS.
R  INDICATES RECORD WAS SET OR TIED.
MM INDICATES DATA IS MISSING.
T  INDICATES TRACE AMOUNT.




$$
