000
CDUS44 KLCH 011014
CLILFT


CLIMATE REPORT
NATIONAL WEATHER SERVICE LAKE CHARLES, LA
513 AM CDT WED APR 1 2015


...................................

...THE LAFAYETTE CLIMATE SUMMARY FOR MARCH 31 2015...

CLIMATE NORMAL PERIOD 1981 TO 2010
CLIMATE RECORD PERIOD 1893 TO 2015


WEATHER ITEM   OBSERVED TIME   RECORD YEAR NORMAL DEPARTURE LAST
                VALUE   (LST)  VALUE       VALUE  FROM      YEAR
                                                  NORMAL
..................................................................
TEMPERATURE (F)
 YESTERDAY
  MAXIMUM         81    132 PM  87    1946  76      5       73
  MINIMUM         60    633 AM  31    1987  55      5       44
  AVERAGE         71                        65      6       59

PRECIPITATION (IN)
  YESTERDAY        T             2.15 1935   0.11  -0.11     0.00
  MONTH TO DATE    3.92                      3.79   0.13     2.85
  SINCE MAR 1      3.92                      3.79   0.13     2.85
  SINCE JAN 1     11.02                     13.91  -2.89    10.10

SNOWFALL (IN)
  YESTERDAY        0.0           0.0    MM   0.0    0.0      0.0
  MONTH TO DATE    T                         0.0    0.0      0.0
  SINCE MAR 1      T                         0.0    0.0      0.0
  SINCE JUL 1      T                         T      0.0      0.8
  SNOW DEPTH       0

DEGREE DAYS
 HEATING
  YESTERDAY        0                         3     -3        6
  MONTH TO DATE   83                       150    -67      235
  SINCE MAR 1     83                       150    -67      235
  SINCE JUL 1   1526                      1380    146     1895

 COOLING
  YESTERDAY        6                         3      3        0
  MONTH TO DATE   90                        63     27       24
  SINCE MAR 1     90                        63     27       24
  SINCE JAN 1     95                        95      0       38
..................................................................


WIND (MPH)
  HIGHEST WIND SPEED    20   HIGHEST WIND DIRECTION    SW (230)
  HIGHEST GUST SPEED    26   HIGHEST GUST DIRECTION     S (200)
  AVERAGE WIND SPEED     7.7


SKY COVER
  POSSIBLE SUNSHINE  MM
  AVERAGE SKY COVER 0.3


WEATHER CONDITIONS
 THE FOLLOWING WEATHER WAS RECORDED YESTERDAY.
  LIGHT RAIN
  FOG


RELATIVE HUMIDITY (PERCENT)
 HIGHEST   100           400 AM
 LOWEST     45           300 PM
 AVERAGE    73

..........................................................


THE LAFAYETTE CLIMATE NORMALS FOR TODAY
                         NORMAL    RECORD    YEAR
 MAXIMUM TEMPERATURE (F)   76        87      1939
                                             1935
                                             1908
 MINIMUM TEMPERATURE (F)   55        35      1942
                                             1937


SUNRISE AND SUNSET
APRIL  1 2015.........SUNRISE   658 AM CDT   SUNSET   727 PM CDT
APRIL  2 2015.........SUNRISE   656 AM CDT   SUNSET   727 PM CDT


-  INDICATES NEGATIVE NUMBERS.
R  INDICATES RECORD WAS SET OR TIED.
MM INDICATES DATA IS MISSING.
T  INDICATES TRACE AMOUNT.




$$
