000
CDUS46 KLOX 060120
CLILGB


CLIMATE REPORT
NATIONAL WEATHER SERVICE LOS ANGELES/OXNARD CA
620 PM PDT TUE MAY 5 2015


...................................

...THE LONG BEACH AIRPORT CA CLIMATE SUMMARY FOR MAY 5 2015...
VALID TODAY AS OF 0600 PM LOCAL TIME.

CLIMATE NORMAL PERIOD 1981 TO 2010
CLIMATE RECORD PERIOD 1958 TO 2015


WEATHER ITEM   OBSERVED TIME   RECORD YEAR NORMAL DEPARTURE LAST
                VALUE   (LST)  VALUE       VALUE  FROM      YEAR
                                                  NORMAL
..................................................................
TEMPERATURE (F)
 TODAY
  MAXIMUM         69    100 PM 102    1990  73     -4       69
  MINIMUM         59   1205 AM  47    1964  56      3       60
                                      1960
  AVERAGE         64                        65     -1       65

PRECIPITATION (IN)
  TODAY            0.00          0.25 1998   0.01  -0.01     0.00
  MONTH TO DATE    0.00                      0.05  -0.05     0.00
  SINCE OCT 1      7.08                     11.79  -4.71     4.43
  SINCE JAN 1      1.82                      8.21  -6.39     3.19

SNOWFALL (IN)
  TODAY            0.0
  MONTH TO DATE    0.0
  SINCE MAR 1      0.0
  SINCE JUL 1      0.0

DEGREE DAYS
 HEATING
  TODAY            1                         2     -1        0
  MONTH TO DATE    2                        10     -8        0
  SINCE MAR 1     80                       295   -215      131
  SINCE JUL 1    503                      1186   -683      709

 COOLING
  TODAY            0                         2     -2        0
  MONTH TO DATE   16                        10      6       37
  SINCE MAR 1    206                        49    157      124
  SINCE JAN 1    243                        57    186      139
..................................................................


WIND (MPH)
  HIGHEST WIND SPEED    13   HIGHEST WIND DIRECTION    SW (220)
  HIGHEST GUST SPEED    17   HIGHEST GUST DIRECTION     S (200)
  AVERAGE WIND SPEED     6.3


SKY COVER
  POSSIBLE SUNSHINE  MM
  AVERAGE SKY COVER 0.9


WEATHER CONDITIONS
 THE FOLLOWING WEATHER WAS RECORDED TODAY.
  NO SIGNIFICANT WEATHER WAS OBSERVED.


RELATIVE HUMIDITY (PERCENT)
 HIGHEST    75          1200 AM
 LOWEST     45           100 PM
 AVERAGE    60

..........................................................


THE LONG BEACH AIRPORT CA CLIMATE NORMALS FOR TOMORROW
                         NORMAL    RECORD    YEAR
 MAXIMUM TEMPERATURE (F)   73       100      1990
 MINIMUM TEMPERATURE (F)   56        46      1967
                                             1964


SUNRISE AND SUNSET
MAY  5 2015...........SUNRISE   600 AM PDT   SUNSET   739 PM PDT
MAY  6 2015...........SUNRISE   559 AM PDT   SUNSET   740 PM PDT


-  INDICATES NEGATIVE NUMBERS.
R  INDICATES RECORD WAS SET OR TIED.
MM INDICATES DATA IS MISSING.
T  INDICATES TRACE AMOUNT.




$$
